CRAN Package Check Results for Package rvHPDT

Last updated on 2020-09-25 06:50:09 CEST.

Flavor Version Tinstall Tcheck Ttotal Status Flags
r-devel-linux-x86_64-debian-clang 3.0 3.84 26.14 29.98 NOTE
r-devel-linux-x86_64-debian-gcc 3.0 2.95 20.51 23.46 NOTE
r-devel-linux-x86_64-fedora-clang 3.0 44.81 NOTE
r-devel-linux-x86_64-fedora-gcc 3.0 34.45 NOTE
r-devel-windows-ix86+x86_64 3.0 6.00 35.00 41.00 NOTE
r-patched-linux-x86_64 3.0 3.62 25.40 29.02 NOTE
r-patched-solaris-x86 3.0 51.30 NOTE
r-release-linux-x86_64 3.0 3.47 25.98 29.45 NOTE
r-release-macos-x86_64 3.0 NOTE
r-release-windows-ix86+x86_64 3.0 5.00 49.00 54.00 NOTE
r-oldrel-macos-x86_64 3.0 NOTE
r-oldrel-windows-ix86+x86_64 3.0 5.00 56.00 61.00 NOTE

Check Details

Version: 3.0
Check: DESCRIPTION meta-information
Result: NOTE
    Malformed Title field: should not end in a period.
Flavors: r-devel-linux-x86_64-debian-clang, r-devel-linux-x86_64-debian-gcc, r-devel-linux-x86_64-fedora-clang, r-devel-linux-x86_64-fedora-gcc, r-devel-windows-ix86+x86_64, r-patched-linux-x86_64, r-patched-solaris-x86, r-release-linux-x86_64, r-release-macos-x86_64, r-release-windows-ix86+x86_64, r-oldrel-macos-x86_64, r-oldrel-windows-ix86+x86_64

Version: 3.0
Check: R code for possible problems
Result: NOTE
    HapMendlianCheck: no visible global function definition for
     'write.table'
    rvPDT.test.sub: no visible global function definition for 'pnorm'
    whap.prehap: no visible global function definition for 'write.table'
    whap.prehap: no visible global function definition for 'read.table'
    Undefined global functions or variables:
     pnorm read.table write.table
    Consider adding
     importFrom("stats", "pnorm")
     importFrom("utils", "read.table", "write.table")
    to your NAMESPACE file.
Flavors: r-devel-linux-x86_64-debian-clang, r-devel-linux-x86_64-debian-gcc, r-devel-linux-x86_64-fedora-clang, r-devel-linux-x86_64-fedora-gcc, r-devel-windows-ix86+x86_64, r-patched-linux-x86_64, r-patched-solaris-x86, r-release-linux-x86_64, r-release-macos-x86_64, r-release-windows-ix86+x86_64, r-oldrel-macos-x86_64, r-oldrel-windows-ix86+x86_64