Last updated on 2024-04-24 02:53:12 CEST.
Flavor | Version | Tinstall | Tcheck | Ttotal | Status | Flags |
---|---|---|---|---|---|---|
r-devel-linux-x86_64-debian-clang | 0.3.2 | 260.67 | 401.81 | 662.48 | OK | |
r-devel-linux-x86_64-debian-gcc | 0.3.2 | 197.57 | 372.51 | 570.08 | OK | |
r-devel-linux-x86_64-fedora-clang | 0.3.2 | 844.72 | OK | |||
r-devel-linux-x86_64-fedora-gcc | 0.3.2 | 943.18 | OK | |||
r-prerel-macos-arm64 | 0.3.2 | 204.00 | NOTE | |||
r-prerel-macos-x86_64 | 0.3.2 | 450.00 | NOTE | |||
r-prerel-windows-x86_64 | 0.3.2 | 187.00 | 344.00 | 531.00 | NOTE | |
r-patched-linux-x86_64 | 0.3.2 | 241.42 | 467.47 | 708.89 | OK | |
r-release-linux-x86_64 | 0.3.2 | 245.64 | 484.20 | 729.84 | OK | |
r-release-macos-arm64 | 0.3.2 | 324.00 | NOTE | |||
r-release-macos-x86_64 | 0.3.2 | 607.00 | NOTE | |||
r-release-windows-x86_64 | 0.3.2 | 170.00 | 358.00 | 528.00 | NOTE | |
r-oldrel-macos-arm64 | 0.3.2 | 308.00 | NOTE | |||
r-oldrel-windows-x86_64 | 0.3.2 | 215.00 | 347.00 | 562.00 | NOTE |
Version: 0.3.2
Check: installed package size
Result: NOTE
installed size is 10.8Mb
sub-directories of 1Mb or more:
data 3.8Mb
libs 6.5Mb
Flavors: r-prerel-macos-arm64, r-prerel-macos-x86_64, r-prerel-windows-x86_64, r-release-macos-arm64, r-release-macos-x86_64, r-release-windows-x86_64, r-oldrel-macos-arm64, r-oldrel-windows-x86_64