CRAN Package Check Results for Package rtsdata

Last updated on 2024-02-29 21:56:33 CET.

Flavor Version Tinstall Tcheck Ttotal Status Flags
r-devel-linux-x86_64-debian-clang 0.1.4 3.18 31.08 34.26 OK
r-devel-linux-x86_64-debian-gcc 0.1.4 2.40 23.95 26.35 OK
r-devel-linux-x86_64-fedora-clang 0.1.4 43.34 NOTE
r-devel-linux-x86_64-fedora-gcc 0.1.4 40.72 OK
r-devel-windows-x86_64 0.1.4 4.00 48.00 52.00 OK
r-patched-linux-x86_64 0.1.4 3.14 31.02 34.16 OK
r-release-linux-x86_64 0.1.4 2.93 30.35 33.28 OK
r-release-macos-arm64 0.1.4 20.00 OK
r-release-macos-x86_64 0.1.4 36.00 OK
r-release-windows-x86_64 0.1.4 5.00 50.00 55.00 OK
r-oldrel-macos-arm64 0.1.4 24.00 OK
r-oldrel-windows-x86_64 0.1.4 5.00 51.00 56.00 OK

Check Details

Version: 0.1.4
Check: package dependencies
Result: NOTE Package suggested but not available for checking: ‘RQuantLib’ Flavor: r-devel-linux-x86_64-fedora-clang