CRAN Package Check Results for Package rtrend

Last updated on 2022-09-28 12:55:29 CEST.

Flavor Version Tinstall Tcheck Ttotal Status Flags
r-devel-linux-x86_64-debian-clang 0.1.3 43.58 33.74 77.32 OK
r-devel-linux-x86_64-debian-gcc 0.1.3 33.86 26.54 60.40 OK
r-devel-linux-x86_64-fedora-clang 0.1.3 121.64 NOTE
r-devel-linux-x86_64-fedora-gcc 0.1.3 109.61 NOTE
r-devel-windows-x86_64 0.1.3 42.00 84.00 126.00 OK
r-patched-linux-x86_64 0.1.3 36.55 32.02 68.57 OK
r-release-linux-x86_64 0.1.3 35.50 32.38 67.88 OK
r-release-macos-arm64 0.1.3 30.00 NOTE
r-release-macos-x86_64 0.1.3 54.00 NOTE
r-release-windows-x86_64 0.1.3 46.00 83.00 129.00 OK
r-oldrel-macos-arm64 0.1.3 32.00 NOTE
r-oldrel-macos-x86_64 0.1.3 42.00 NOTE
r-oldrel-windows-ix86+x86_64 0.1.3 108.00 86.00 194.00 OK

Check Details

Version: 0.1.3
Check: dependencies in R code
Result: NOTE
    Namespaces in Imports field not imported from:
     ‘ggplot2’ ‘plyr’ ‘terra’
     All declared Imports should be used.
Flavors: r-devel-linux-x86_64-fedora-clang, r-devel-linux-x86_64-fedora-gcc, r-release-macos-arm64, r-release-macos-x86_64, r-oldrel-macos-arm64, r-oldrel-macos-x86_64