Last updated on 2024-03-29 12:54:17 CET.
Flavor | Version | Tinstall | Tcheck | Ttotal | Status | Flags |
---|---|---|---|---|---|---|
r-devel-linux-x86_64-debian-clang | 0.4.0 | 5.51 | 55.84 | 61.35 | OK | |
r-devel-linux-x86_64-debian-gcc | 0.4.0 | 4.31 | 42.50 | 46.81 | OK | |
r-devel-linux-x86_64-fedora-clang | 0.4.0 | 84.27 | NOTE | |||
r-devel-linux-x86_64-fedora-gcc | 0.4.0 | 97.51 | NOTE | |||
r-devel-windows-x86_64 | 0.4.0 | 10.00 | 64.00 | 74.00 | OK | |
r-patched-linux-x86_64 | 0.4.0 | 7.35 | 54.45 | 61.80 | OK | |
r-release-linux-x86_64 | 0.4.0 | 4.83 | 53.26 | 58.09 | OK | |
r-release-macos-arm64 | 0.4.0 | 38.00 | OK | |||
r-release-macos-x86_64 | 0.4.0 | 69.00 | OK | |||
r-release-windows-x86_64 | 0.4.0 | 10.00 | 74.00 | 84.00 | OK | |
r-oldrel-macos-arm64 | 0.4.0 | 44.00 | OK | |||
r-oldrel-windows-x86_64 | 0.4.0 | 11.00 | 72.00 | 83.00 | OK |
Version: 0.4.0
Check: data for non-ASCII characters
Result: NOTE
Note: found 37 marked UTF-8 strings
Flavors: r-devel-linux-x86_64-fedora-clang, r-devel-linux-x86_64-fedora-gcc