CRAN Package Check Results for Package rtrek

Last updated on 2020-07-15 21:48:21 CEST.

Flavor Version Tinstall Tcheck Ttotal Status Flags
r-devel-linux-x86_64-debian-clang 0.3.0 5.30 37.61 42.91 OK
r-devel-linux-x86_64-debian-gcc 0.3.0 4.59 29.22 33.81 OK
r-devel-linux-x86_64-fedora-clang 0.3.0 58.75 NOTE
r-devel-linux-x86_64-fedora-gcc 0.3.0 60.01 NOTE
r-devel-windows-ix86+x86_64 0.3.0 16.00 48.00 64.00 OK
r-patched-linux-x86_64 0.3.0 5.63 36.78 42.41 OK
r-patched-solaris-x86 0.3.0 72.30 NOTE
r-release-linux-x86_64 0.3.0 5.08 36.98 42.06 OK
r-release-windows-ix86+x86_64 0.3.0 18.00 67.00 85.00 OK
r-oldrel-macos-x86_64 0.3.0 NOTE
r-oldrel-windows-ix86+x86_64 0.3.0 12.00 70.00 82.00 OK

Check Details

Version: 0.3.0
Check: dependencies in R code
Result: NOTE
    Namespaces in Imports field not imported from:
     ‘memoise’ ‘tidyr’
     All declared Imports should be used.
Flavors: r-devel-linux-x86_64-fedora-clang, r-devel-linux-x86_64-fedora-gcc, r-patched-solaris-x86, r-oldrel-macos-x86_64

Version: 0.3.0
Check: data for non-ASCII characters
Result: NOTE
     Note: found 37 marked UTF-8 strings
Flavors: r-devel-linux-x86_64-fedora-clang, r-devel-linux-x86_64-fedora-gcc, r-patched-solaris-x86, r-oldrel-macos-x86_64