CRAN Package Check Results for Package rtimicropem

Last updated on 2020-06-07 06:46:57 CEST.

Flavor Version Tinstall Tcheck Ttotal Status Flags
r-devel-linux-x86_64-debian-clang 1.4.0 6.34 67.06 73.40 OK
r-devel-linux-x86_64-debian-gcc 1.4.0 5.16 51.79 56.95 OK
r-devel-linux-x86_64-fedora-clang 1.4.0 96.92 NOTE
r-devel-linux-x86_64-fedora-gcc 1.4.0 89.86 NOTE
r-devel-windows-ix86+x86_64 1.4.0 20.00 106.00 126.00 OK
r-patched-linux-x86_64 1.4.0 6.57 65.38 71.95 OK
r-patched-solaris-x86 1.4.0 123.30 NOTE
r-release-linux-x86_64 1.4.0 6.66 67.07 73.73 OK
r-release-osx-x86_64 1.4.0 NOTE
r-release-windows-ix86+x86_64 1.4.0 22.00 106.00 128.00 OK
r-oldrel-osx-x86_64 1.4.0 NOTE
r-oldrel-windows-ix86+x86_64 1.4.0 19.00 68.00 87.00 OK

Check Details

Version: 1.4.0
Check: dependencies in R code
Result: NOTE
    Namespace in Imports field not imported from: ‘R6’
     All declared Imports should be used.
Flavors: r-devel-linux-x86_64-fedora-clang, r-devel-linux-x86_64-fedora-gcc, r-patched-solaris-x86, r-release-osx-x86_64, r-oldrel-osx-x86_64