Last updated on 2024-04-19 03:56:34 CEST.
Flavor | Version | Tinstall | Tcheck | Ttotal | Status | Flags |
---|---|---|---|---|---|---|
r-devel-linux-x86_64-debian-clang | 1.0.0 | 34.83 | 38.61 | 73.44 | NOTE | |
r-devel-linux-x86_64-debian-gcc | 1.0.0 | 28.76 | 28.64 | 57.40 | NOTE | |
r-devel-linux-x86_64-fedora-clang | 1.0.0 | 104.42 | NOTE | |||
r-devel-linux-x86_64-fedora-gcc | 1.0.0 | 120.72 | NOTE | |||
r-prerel-macos-arm64 | 1.0.0 | 36.00 | NOTE | |||
r-prerel-windows-x86_64 | 1.0.0 | 30.00 | 71.00 | 101.00 | NOTE | |
r-patched-linux-x86_64 | 1.0.0 | 33.88 | 36.12 | 70.00 | NOTE | |
r-release-linux-x86_64 | 1.0.0 | 37.98 | 35.77 | 73.75 | NOTE | |
r-release-macos-arm64 | 1.0.0 | 34.00 | NOTE | |||
r-release-macos-x86_64 | 1.0.0 | 64.00 | NOTE | |||
r-release-windows-x86_64 | 1.0.0 | 35.00 | 80.00 | 115.00 | NOTE | |
r-oldrel-macos-arm64 | 1.0.0 | 33.00 | OK | |||
r-oldrel-windows-x86_64 | 1.0.0 | 36.00 | 79.00 | 115.00 | OK |
Version: 1.0.0
Check: C++ specification
Result: NOTE
Specified C++11: please drop specification unless essential
Flavors: r-devel-linux-x86_64-debian-clang, r-devel-linux-x86_64-debian-gcc, r-devel-linux-x86_64-fedora-clang, r-devel-linux-x86_64-fedora-gcc, r-prerel-macos-arm64, r-prerel-windows-x86_64, r-patched-linux-x86_64, r-release-linux-x86_64, r-release-macos-arm64, r-release-macos-x86_64, r-release-windows-x86_64