Last updated on 2023-04-01 21:54:20 CEST.
Flavor | Version | Tinstall | Tcheck | Ttotal | Status | Flags |
---|---|---|---|---|---|---|
r-devel-linux-x86_64-debian-clang | 0.5.0.0 | 5.39 | 44.12 | 49.51 | OK | |
r-devel-linux-x86_64-debian-gcc | 0.5.0.0 | 4.00 | 33.87 | 37.87 | OK | |
r-devel-linux-x86_64-fedora-clang | 0.5.0.0 | 60.29 | OK | |||
r-devel-linux-x86_64-fedora-gcc | 0.5.0.0 | 68.01 | OK | |||
r-patched-linux-x86_64 | 0.5.0.0 | 5.36 | 42.42 | 47.78 | OK | |
r-release-linux-x86_64 | 0.5.0.0 | 4.47 | 41.94 | 46.41 | OK | |
r-release-macos-arm64 | 0.5.0.0 | 19.00 | OK | |||
r-release-macos-x86_64 | 0.5.0.0 | 30.00 | OK | |||
r-release-windows-x86_64 | 0.5.0.0 | 23.00 | 80.00 | 103.00 | OK | |
r-oldrel-macos-arm64 | 0.5.0.0 | 18.00 | OK | |||
r-oldrel-macos-x86_64 | 0.5.0.0 | 29.00 | OK | |||
r-oldrel-windows-ix86+x86_64 | 0.5.0.0 | 12.00 | 69.00 | 81.00 | NOTE |
Version: 0.5.0.0
Check: R code for possible problems
Result: NOTE
Initiating curl with CURL_SSL_BACKEND: openssl
Flavor: r-oldrel-windows-ix86+x86_64