CRAN Package Check Results for Package rskey

Last updated on 2022-09-29 21:49:17 CEST.

Flavor Version Tinstall Tcheck Ttotal Status Flags
r-devel-linux-x86_64-debian-clang 0.4.4 2.60 25.76 28.36 NOTE
r-devel-linux-x86_64-debian-gcc 0.4.4 2.00 20.51 22.51 NOTE
r-devel-linux-x86_64-fedora-clang 0.4.4 46.92 NOTE
r-devel-linux-x86_64-fedora-gcc 0.4.4 43.91 NOTE
r-devel-windows-x86_64 0.4.4 9.00 55.00 64.00 NOTE
r-patched-linux-x86_64 0.4.4 3.41 24.67 28.08 NOTE
r-release-linux-x86_64 0.4.4 1.88 24.98 26.86 NOTE
r-release-macos-arm64 0.4.4 14.00 NOTE
r-release-macos-x86_64 0.4.4 22.00 NOTE
r-release-windows-x86_64 0.4.4 7.00 51.00 58.00 NOTE
r-oldrel-macos-arm64 0.4.4 17.00 NOTE
r-oldrel-macos-x86_64 0.4.4 27.00 NOTE
r-oldrel-windows-ix86+x86_64 0.4.4 6.00 48.00 54.00 NOTE

Check Details

Version: 0.4.4
Check: LazyData
Result: NOTE
     'LazyData' is specified without a 'data' directory
Flavors: r-devel-linux-x86_64-debian-clang, r-devel-linux-x86_64-debian-gcc, r-devel-linux-x86_64-fedora-clang, r-devel-linux-x86_64-fedora-gcc, r-devel-windows-x86_64, r-patched-linux-x86_64, r-release-linux-x86_64, r-release-macos-arm64, r-release-macos-x86_64, r-release-windows-x86_64, r-oldrel-macos-arm64, r-oldrel-macos-x86_64, r-oldrel-windows-ix86+x86_64