Last updated on 2025-02-01 12:48:38 CET.
Flavor | Version | Tinstall | Tcheck | Ttotal | Status | Flags |
---|---|---|---|---|---|---|
r-devel-linux-x86_64-debian-clang | 0.6-4 | 10.29 | 129.84 | 140.13 | OK | |
r-devel-linux-x86_64-debian-gcc | 0.6-4 | 6.49 | 80.88 | 87.37 | OK | |
r-devel-linux-x86_64-fedora-clang | 0.6-4 | 221.62 | OK | |||
r-devel-linux-x86_64-fedora-gcc | 0.6-4 | 217.62 | OK | |||
r-devel-windows-x86_64 | 0.6-4 | 11.00 | 136.00 | 147.00 | OK | |
r-patched-linux-x86_64 | 0.6-4 | 10.25 | 120.83 | 131.08 | OK | |
r-release-linux-x86_64 | 0.6-4 | 7.80 | 120.84 | 128.64 | OK | |
r-release-macos-arm64 | 0.6-4 | 62.00 | OK | |||
r-release-macos-x86_64 | 0.6-4 | 131.00 | OK | |||
r-release-windows-x86_64 | 0.6-4 | 11.00 | 161.00 | 172.00 | ERROR | |
r-oldrel-macos-arm64 | 0.6-4 | 71.00 | OK | |||
r-oldrel-macos-x86_64 | 0.6-4 | 131.00 | OK | |||
r-oldrel-windows-x86_64 | 0.6-4 | 14.00 | 171.00 | 185.00 | OK |
Version: 0.6-4
Check: re-building of vignette outputs
Result: ERROR
Error(s) in re-building vignettes:
--- re-building 'quickstart.Rmd' using knitr
Quitting from lines 67-70 [unnamed-chunk-3] (quickstart.Rmd)
Error: processing vignette 'quickstart.Rmd' failed with diagnostics:
Timeout was reached [sdmx.oecd.org]: SSL/TLS connection timeout
--- failed re-building 'quickstart.Rmd'
SUMMARY: processing the following file failed:
'quickstart.Rmd'
Error: Vignette re-building failed.
Execution halted
Flavor: r-release-windows-x86_64