Last updated on 2023-12-05 12:50:20 CET.
Flavor | Version | Tinstall | Tcheck | Ttotal | Status | Flags |
---|---|---|---|---|---|---|
r-devel-linux-x86_64-debian-clang | 0.2.1 | 36.75 | 29.29 | 66.04 | OK | |
r-devel-linux-x86_64-debian-gcc | 0.2.1 | 23.21 | 23.09 | 46.30 | OK | |
r-devel-linux-x86_64-fedora-clang | 0.2.1 | 100.73 | OK | |||
r-devel-linux-x86_64-fedora-gcc | 0.2.1 | 96.75 | OK | |||
r-devel-windows-x86_64 | 0.2.1 | 28.00 | 65.00 | 93.00 | OK | |
r-patched-linux-x86_64 | 0.2.0 | 28.36 | 29.49 | 57.85 | NOTE | |
r-release-linux-x86_64 | 0.2.1 | 27.91 | 29.19 | 57.10 | OK | |
r-release-macos-arm64 | 0.2.1 | 33.00 | OK | |||
r-release-macos-x86_64 | 0.2.1 | 58.00 | OK | |||
r-release-windows-x86_64 | 0.2.1 | 37.00 | 70.00 | 107.00 | OK | |
r-oldrel-macos-arm64 | 0.2.1 | 29.00 | OK | |||
r-oldrel-macos-x86_64 | 0.2.0 | 37.00 | OK | |||
r-oldrel-windows-x86_64 | 0.2.1 | 27.00 | 73.00 | 100.00 | OK |
Version: 0.2.0
Check: C++ specification
Result: NOTE
Specified C++11: please drop specification unless essential
Flavor: r-patched-linux-x86_64