Last updated on 2024-03-29 06:56:38 CET.
Flavor | Version | Tinstall | Tcheck | Ttotal | Status | Flags |
---|---|---|---|---|---|---|
r-devel-linux-x86_64-debian-clang | 0.1-13 | 121.54 | 124.79 | 246.33 | NOTE | |
r-devel-linux-x86_64-debian-gcc | 0.1-13 | 97.69 | 91.36 | 189.05 | NOTE | |
r-devel-linux-x86_64-fedora-clang | 0.1-13 | 340.03 | NOTE | |||
r-devel-linux-x86_64-fedora-gcc | 0.1-13 | 333.90 | NOTE | |||
r-devel-windows-x86_64 | 0.1-13 | 99.00 | 118.00 | 217.00 | NOTE | |
r-patched-linux-x86_64 | 0.1-13 | 121.52 | 118.32 | 239.84 | NOTE | |
r-release-linux-x86_64 | 0.1-13 | 122.29 | 117.25 | 239.54 | NOTE | |
r-release-macos-arm64 | 0.1-13 | 80.00 | NOTE | |||
r-release-macos-x86_64 | 0.1-13 | 140.00 | NOTE | |||
r-release-windows-x86_64 | 0.1-13 | 121.00 | 144.00 | 265.00 | NOTE | |
r-oldrel-macos-arm64 | 0.1-13 | 75.00 | OK | |||
r-oldrel-windows-x86_64 | 0.1-13 | 119.00 | 138.00 | 257.00 | OK |
Version: 0.1-13
Check: C++ specification
Result: NOTE
Specified C++11: please drop specification unless essential
Flavors: r-devel-linux-x86_64-debian-clang, r-devel-linux-x86_64-debian-gcc, r-devel-linux-x86_64-fedora-clang, r-devel-linux-x86_64-fedora-gcc, r-devel-windows-x86_64, r-patched-linux-x86_64, r-release-linux-x86_64, r-release-macos-arm64, r-release-macos-x86_64, r-release-windows-x86_64
Version: 0.1-13
Check: Rd files
Result: NOTE
checkRd: (-1) mrrr.Rd:67: Lost braces in \itemize; meant \describe ?
checkRd: (-1) mrrr.Rd:68: Lost braces in \itemize; meant \describe ?
checkRd: (-1) mrrr.Rd:69-70: Lost braces in \itemize; meant \describe ?
checkRd: (-1) mrrr.Rd:71-72: Lost braces in \itemize; meant \describe ?
checkRd: (-1) mrrr.Rd:73: Lost braces in \itemize; meant \describe ?
checkRd: (-1) mrrr.Rd:74: Lost braces in \itemize; meant \describe ?
Flavors: r-devel-linux-x86_64-debian-clang, r-devel-linux-x86_64-debian-gcc, r-devel-linux-x86_64-fedora-clang, r-devel-linux-x86_64-fedora-gcc, r-devel-windows-x86_64, r-patched-linux-x86_64