CRAN Package Check Results for Package rprime

Last updated on 2023-10-04 20:42:38 CEST.

Flavor Version Tinstall Tcheck Ttotal Status Flags
r-devel-linux-x86_64-debian-clang 0.1.2 4.65 55.39 60.04 NOTE
r-devel-linux-x86_64-debian-gcc 0.1.2 3.83 42.76 46.59 NOTE
r-devel-linux-x86_64-fedora-clang 0.1.2 74.70 NOTE
r-devel-linux-x86_64-fedora-gcc 0.1.2 84.37 NOTE
r-devel-windows-x86_64 0.1.2 6.00 64.00 70.00 NOTE
r-patched-linux-x86_64 0.1.2 7.70 55.00 62.70 NOTE
r-release-linux-x86_64 0.1.2 4.50 54.84 59.34 NOTE
r-release-macos-arm64 0.1.2 34.00 NOTE
r-release-macos-x86_64 0.1.2 52.00 NOTE
r-release-windows-x86_64 0.1.2 7.00 70.00 77.00 NOTE
r-oldrel-macos-arm64 0.1.2 24.00 NOTE
r-oldrel-macos-x86_64 0.1.2 32.00 NOTE
r-oldrel-windows-x86_64 0.1.2 7.00 74.00 81.00 NOTE

Check Details

Version: 0.1.2
Check: LazyData
Result: NOTE
     'LazyData' is specified without a 'data' directory
Flavors: r-devel-linux-x86_64-debian-clang, r-devel-linux-x86_64-debian-gcc, r-devel-linux-x86_64-fedora-clang, r-devel-linux-x86_64-fedora-gcc, r-devel-windows-x86_64, r-patched-linux-x86_64, r-release-linux-x86_64, r-release-macos-arm64, r-release-macos-x86_64, r-release-windows-x86_64, r-oldrel-macos-arm64, r-oldrel-macos-x86_64, r-oldrel-windows-x86_64