Last updated on 2023-03-28 21:54:09 CEST.
Flavor | Version | Tinstall | Tcheck | Ttotal | Status | Flags |
---|---|---|---|---|---|---|
r-devel-linux-x86_64-debian-clang | 1.0.0 | 7.21 | 68.76 | 75.97 | OK | |
r-devel-linux-x86_64-debian-gcc | 1.0.0 | 5.76 | 52.27 | 58.03 | OK | |
r-devel-linux-x86_64-fedora-clang | 1.0.0 | 95.10 | OK | |||
r-devel-linux-x86_64-fedora-gcc | 1.0.0 | 92.34 | OK | |||
r-patched-linux-x86_64 | 1.0.0 | 6.80 | 64.30 | 71.10 | OK | |
r-release-linux-x86_64 | 1.0.0 | 7.73 | 67.72 | 75.45 | OK | |
r-release-macos-arm64 | 1.0.0 | 43.00 | OK | |||
r-release-macos-x86_64 | 1.0.0 | 50.00 | OK | |||
r-release-windows-x86_64 | 1.0.0 | 51.00 | 104.00 | 155.00 | OK | |
r-oldrel-macos-arm64 | 1.0.0 | 40.00 | OK | |||
r-oldrel-macos-x86_64 | 1.0.0 | 59.00 | OK | |||
r-oldrel-windows-ix86+x86_64 | 1.0.0 | 17.00 | 104.00 | 121.00 | NOTE |
Version: 1.0.0
Check: R code for possible problems
Result: NOTE
Initiating curl with CURL_SSL_BACKEND: openssl
Flavor: r-oldrel-windows-ix86+x86_64