Last updated on 2025-02-22 12:50:47 CET.
Flavor | Version | Tinstall | Tcheck | Ttotal | Status | Flags |
---|---|---|---|---|---|---|
r-devel-linux-x86_64-debian-clang | 0.3.0 | 3.75 | 38.22 | 41.97 | NOTE | |
r-devel-linux-x86_64-debian-gcc | 0.3.0 | 2.80 | 27.72 | 30.52 | NOTE | |
r-devel-linux-x86_64-fedora-clang | 0.3.0 | 66.29 | NOTE | |||
r-devel-linux-x86_64-fedora-gcc | 0.3.0 | 63.16 | NOTE | |||
r-devel-macos-arm64 | 0.3.0 | 30.00 | NOTE | |||
r-devel-macos-x86_64 | 0.3.0 | 42.00 | NOTE | |||
r-devel-windows-x86_64 | 0.3.0 | 5.00 | 58.00 | 63.00 | NOTE | |
r-patched-linux-x86_64 | 0.3.0 | 3.66 | 36.93 | 40.59 | NOTE | |
r-release-linux-x86_64 | 0.3.0 | 3.22 | 36.19 | 39.41 | NOTE | |
r-release-macos-arm64 | 0.3.0 | 25.00 | NOTE | |||
r-release-macos-x86_64 | 0.3.0 | 34.00 | NOTE | |||
r-release-windows-x86_64 | 0.3.0 | 4.00 | 56.00 | 60.00 | NOTE | |
r-oldrel-macos-arm64 | 0.3.0 | 26.00 | OK | |||
r-oldrel-macos-x86_64 | 0.3.0 | 53.00 | OK | |||
r-oldrel-windows-x86_64 | 0.3.0 | 5.00 | 62.00 | 67.00 | OK |
Version: 0.3.0
Check: Rd files
Result: NOTE
checkRd: (-1) osm_url_spec.Rd:23: Lost braces; missing escapes or markup?
23 | \item{server_url}{A url using `{x}`, `{y}`, and `{z}` for the x, y, and
| ^
checkRd: (-1) osm_url_spec.Rd:23: Lost braces; missing escapes or markup?
23 | \item{server_url}{A url using `{x}`, `{y}`, and `{z}` for the x, y, and
| ^
checkRd: (-1) osm_url_spec.Rd:23: Lost braces; missing escapes or markup?
23 | \item{server_url}{A url using `{x}`, `{y}`, and `{z}` for the x, y, and
| ^
Flavors: r-devel-linux-x86_64-debian-clang, r-devel-linux-x86_64-debian-gcc, r-devel-linux-x86_64-fedora-clang, r-devel-linux-x86_64-fedora-gcc, r-devel-macos-arm64, r-devel-macos-x86_64, r-devel-windows-x86_64, r-patched-linux-x86_64, r-release-linux-x86_64, r-release-macos-arm64, r-release-macos-x86_64, r-release-windows-x86_64