Last updated on 2024-04-26 06:49:56 CEST.
Flavor | Version | Tinstall | Tcheck | Ttotal | Status | Flags |
---|---|---|---|---|---|---|
r-devel-linux-x86_64-debian-clang | 0.1.6 | 34.53 | 34.50 | 69.03 | NOTE | |
r-devel-linux-x86_64-debian-gcc | 0.1.6 | 27.87 | 25.97 | 53.84 | NOTE | |
r-devel-linux-x86_64-fedora-clang | 0.1.6 | 102.01 | NOTE | |||
r-devel-linux-x86_64-fedora-gcc | 0.1.6 | 112.73 | NOTE | |||
r-devel-windows-x86_64 | 0.1.6 | 30.00 | 64.00 | 94.00 | NOTE | |
r-patched-linux-x86_64 | 0.1.6 | 37.57 | 33.06 | 70.63 | NOTE | |
r-release-linux-x86_64 | 0.1.6 | 36.29 | 30.99 | 67.28 | NOTE | |
r-release-macos-arm64 | 0.1.6 | 32.00 | NOTE | |||
r-release-windows-x86_64 | 0.1.6 | 30.00 | 64.00 | 94.00 | NOTE | |
r-oldrel-macos-arm64 | 0.1.6 | 35.00 | NOTE | |||
r-oldrel-macos-x86_64 | 0.1.6 | 57.00 | NOTE | |||
r-oldrel-windows-x86_64 | 0.1.6 | 37.00 | 73.00 | 110.00 | NOTE |
Version: 0.1.6
Check: C++ specification
Result: NOTE
Specified C++11: please drop specification unless essential
Flavors: r-devel-linux-x86_64-debian-clang, r-devel-linux-x86_64-debian-gcc, r-devel-linux-x86_64-fedora-clang, r-devel-linux-x86_64-fedora-gcc, r-devel-windows-x86_64, r-patched-linux-x86_64, r-release-linux-x86_64, r-release-macos-arm64, r-release-windows-x86_64, r-oldrel-macos-arm64, r-oldrel-macos-x86_64, r-oldrel-windows-x86_64