Last updated on 2024-04-18 21:57:03 CEST.
Flavor | Version | Tinstall | Tcheck | Ttotal | Status | Flags |
---|---|---|---|---|---|---|
r-devel-linux-x86_64-debian-clang | 1.1.3 | 13.86 | 107.99 | 121.85 | NOTE | |
r-devel-linux-x86_64-debian-gcc | 1.1.3 | 8.07 | 79.56 | 87.63 | NOTE | |
r-devel-linux-x86_64-fedora-clang | 1.1.3 | 147.84 | NOTE | |||
r-devel-linux-x86_64-fedora-gcc | 1.1.3 | 163.86 | NOTE | |||
r-prerel-macos-arm64 | 1.1.3 | 58.00 | NOTE | |||
r-prerel-windows-x86_64 | 1.1.3 | 15.00 | 102.00 | 117.00 | NOTE | |
r-patched-linux-x86_64 | 1.1.3 | 10.40 | 102.47 | 112.87 | NOTE | |
r-release-linux-x86_64 | 1.1.3 | 7.44 | 96.56 | 104.00 | OK | |
r-release-macos-arm64 | 1.1.3 | 54.00 | OK | |||
r-release-macos-x86_64 | 1.1.3 | 109.00 | OK | |||
r-release-windows-x86_64 | 1.1.3 | 15.00 | 123.00 | 138.00 | OK | |
r-oldrel-macos-arm64 | 1.1.3 | 59.00 | OK | |||
r-oldrel-windows-x86_64 | 1.1.3 | 17.00 | 116.00 | 133.00 | OK |
Version: 1.1.3
Check: Rd files
Result: NOTE
checkRd: (-1) update_tidy_omic.Rd:16-17: Lost braces
16 | in \code{updated_tidy_data} (names) and the table {features, samples,
| ^
Flavors: r-devel-linux-x86_64-debian-clang, r-devel-linux-x86_64-debian-gcc, r-devel-linux-x86_64-fedora-clang, r-devel-linux-x86_64-fedora-gcc, r-prerel-macos-arm64, r-prerel-windows-x86_64, r-patched-linux-x86_64