CRAN Package Check Results for Package rolocISCCNBS

Last updated on 2022-05-25 12:57:20 CEST.

Flavor Version Tinstall Tcheck Ttotal Status Flags
r-devel-linux-x86_64-debian-clang 0.1 23.02 73.33 96.35 OK
r-devel-linux-x86_64-debian-gcc 0.1 20.35 56.43 76.78 OK
r-devel-linux-x86_64-fedora-clang 0.1 125.62 NOTE
r-devel-linux-x86_64-fedora-gcc 0.1 111.03 OK
r-devel-windows-x86_64 0.1 31.00 76.00 107.00 NOTE
r-patched-linux-x86_64 0.1 25.61 72.10 97.71 OK
r-release-linux-x86_64 0.1 OK
r-release-macos-arm64 0.1 39.00 NOTE
r-release-macos-x86_64 0.1 55.00 NOTE
r-release-windows-x86_64 0.1 38.00 74.00 112.00 NOTE
r-oldrel-macos-arm64 0.1 47.00 NOTE
r-oldrel-macos-x86_64 0.1 82.00 NOTE
r-oldrel-windows-ix86+x86_64 0.1 57.00 75.00 132.00 NOTE

Check Details

Version: 0.1
Check: installed package size
Result: NOTE
     installed size is 5.5Mb
     sub-directories of 1Mb or more:
     R 2.7Mb
     extdata 2.7Mb
Flavors: r-devel-linux-x86_64-fedora-clang, r-devel-windows-x86_64, r-release-macos-arm64, r-release-macos-x86_64, r-release-windows-x86_64, r-oldrel-macos-arm64, r-oldrel-macos-x86_64, r-oldrel-windows-ix86+x86_64