CRAN Package Check Results for Package rolocISCCNBS

Last updated on 2022-11-30 20:55:23 CET.

Flavor Version Tinstall Tcheck Ttotal Status Flags
r-devel-linux-x86_64-debian-clang 0.1 25.22 62.78 88.00 OK
r-devel-linux-x86_64-debian-gcc 0.1 22.24 51.31 73.55 OK
r-devel-linux-x86_64-fedora-clang 0.1 127.70 NOTE
r-devel-linux-x86_64-fedora-gcc 0.1 126.79 OK
r-devel-windows-x86_64 0.1 30.00 86.00 116.00 NOTE
r-patched-linux-x86_64 0.1 24.12 62.02 86.14 OK
r-release-linux-x86_64 0.1 22.50 62.09 84.59 OK
r-release-macos-arm64 0.1 39.00 NOTE
r-release-macos-x86_64 0.1 55.00 NOTE
r-release-windows-x86_64 0.1 37.00 81.00 118.00 NOTE
r-oldrel-macos-arm64 0.1 47.00 NOTE
r-oldrel-macos-x86_64 0.1 82.00 NOTE
r-oldrel-windows-ix86+x86_64 0.1 60.00 82.00 142.00 NOTE

Check Details

Version: 0.1
Check: installed package size
Result: NOTE
     installed size is 5.5Mb
     sub-directories of 1Mb or more:
     R 2.7Mb
     extdata 2.7Mb
Flavors: r-devel-linux-x86_64-fedora-clang, r-devel-windows-x86_64, r-release-macos-arm64, r-release-macos-x86_64, r-release-windows-x86_64, r-oldrel-macos-arm64, r-oldrel-macos-x86_64, r-oldrel-windows-ix86+x86_64