CRAN Package Check Results for Package rollinglda

Last updated on 2023-03-27 06:50:19 CEST.

Flavor Version Tinstall Tcheck Ttotal Status Flags
r-devel-linux-x86_64-debian-clang 0.1.2 11.92 161.28 173.20 OK
r-devel-linux-x86_64-debian-gcc 0.1.2 8.17 111.65 119.82 OK
r-devel-linux-x86_64-fedora-clang 0.1.2 205.35 NOTE
r-devel-linux-x86_64-fedora-gcc 0.1.2 197.93 NOTE
r-patched-linux-x86_64 0.1.2 16.39 145.51 161.90 OK
r-release-linux-x86_64 0.1.2 7.99 147.34 155.33 OK
r-release-macos-arm64 0.1.2 64.00 NOTE
r-release-macos-x86_64 0.1.2 77.00 NOTE
r-release-windows-x86_64 0.1.2 32.00 177.00 209.00 OK
r-oldrel-macos-arm64 0.1.2 63.00 NOTE
r-oldrel-macos-x86_64 0.1.2 80.00 NOTE
r-oldrel-windows-ix86+x86_64 0.1.2 28.00 284.00 312.00 OK

Check Details

Version: 0.1.2
Check: data for non-ASCII characters
Result: NOTE
     Note: found 261 marked UTF-8 strings
Flavors: r-devel-linux-x86_64-fedora-clang, r-devel-linux-x86_64-fedora-gcc, r-release-macos-arm64, r-release-macos-x86_64, r-oldrel-macos-arm64, r-oldrel-macos-x86_64