Last updated on 2023-10-04 13:01:24 CEST.
Flavor | Version | Tinstall | Tcheck | Ttotal | Status | Flags |
---|---|---|---|---|---|---|
r-devel-linux-x86_64-debian-clang | 0.1.2 | 12.17 | 162.12 | 174.29 | OK | |
r-devel-linux-x86_64-debian-gcc | 0.1.2 | 8.38 | 108.29 | 116.67 | OK | |
r-devel-linux-x86_64-fedora-clang | 0.1.2 | 206.85 | NOTE | |||
r-devel-linux-x86_64-fedora-gcc | 0.1.2 | 191.22 | NOTE | |||
r-devel-windows-x86_64 | 0.1.2 | 14.00 | 123.00 | 137.00 | OK | |
r-patched-linux-x86_64 | 0.1.2 | 13.73 | 142.18 | 155.91 | OK | |
r-release-linux-x86_64 | 0.1.2 | 7.02 | 145.27 | 152.29 | OK | |
r-release-macos-arm64 | 0.1.2 | 63.00 | OK | |||
r-release-macos-x86_64 | 0.1.2 | 100.00 | OK | |||
r-release-windows-x86_64 | 0.1.2 | 17.00 | 145.00 | 162.00 | OK | |
r-oldrel-macos-arm64 | 0.1.2 | 64.00 | NOTE | |||
r-oldrel-macos-x86_64 | 0.1.2 | 77.00 | NOTE | |||
r-oldrel-windows-x86_64 | 0.1.2 | 16.00 | 154.00 | 170.00 | OK |
Version: 0.1.2
Check: data for non-ASCII characters
Result: NOTE
Note: found 261 marked UTF-8 strings
Flavors: r-devel-linux-x86_64-fedora-clang, r-devel-linux-x86_64-fedora-gcc, r-oldrel-macos-arm64, r-oldrel-macos-x86_64