Last updated on 2024-04-24 02:53:11 CEST.
Flavor | Version | Tinstall | Tcheck | Ttotal | Status | Flags |
---|---|---|---|---|---|---|
r-devel-linux-x86_64-debian-clang | 1.1.1 | 172.98 | 113.61 | 286.59 | NOTE | |
r-devel-linux-x86_64-debian-gcc | 1.1.1 | 136.14 | 81.94 | 218.08 | NOTE | |
r-devel-linux-x86_64-fedora-clang | 1.1.1 | 418.26 | NOTE | |||
r-devel-linux-x86_64-fedora-gcc | 1.1.1 | 368.28 | NOTE | |||
r-prerel-macos-arm64 | 1.1.1 | 87.00 | NOTE | |||
r-prerel-windows-x86_64 | 1.1.1 | 130.00 | 112.00 | 242.00 | NOTE | |
r-patched-linux-x86_64 | 1.1.1 | 123.44 | 102.63 | 226.07 | NOTE | |
r-release-linux-x86_64 | 1.1.1 | 118.38 | 109.14 | 227.52 | NOTE | |
r-release-macos-arm64 | 1.1.1 | 95.00 | NOTE | |||
r-release-macos-x86_64 | 1.1.1 | 165.00 | NOTE | |||
r-release-windows-x86_64 | 1.1.1 | 162.00 | 140.00 | 302.00 | NOTE | |
r-oldrel-macos-arm64 | 1.1.1 | 86.00 | NOTE | |||
r-oldrel-windows-x86_64 | 1.1.1 | 149.00 | 138.00 | 287.00 | OK |
Version: 1.1.1
Check: C++ specification
Result: NOTE
Specified C++11: please drop specification unless essential
Flavors: r-devel-linux-x86_64-debian-clang, r-devel-linux-x86_64-debian-gcc, r-devel-linux-x86_64-fedora-clang, r-devel-linux-x86_64-fedora-gcc, r-prerel-macos-arm64, r-prerel-windows-x86_64, r-patched-linux-x86_64, r-release-linux-x86_64, r-release-macos-arm64, r-release-macos-x86_64, r-release-windows-x86_64
Version: 1.1.1
Check: installed package size
Result: NOTE
installed size is 6.7Mb
sub-directories of 1Mb or more:
libs 6.5Mb
Flavors: r-prerel-macos-arm64, r-release-macos-arm64, r-release-macos-x86_64, r-oldrel-macos-arm64