CRAN Package Check Results for Package robustlmm

Last updated on 2020-06-07 06:46:57 CEST.

Flavor Version Tinstall Tcheck Ttotal Status Flags
r-devel-linux-x86_64-debian-clang 2.3 236.92 306.60 543.52 OK
r-devel-linux-x86_64-debian-gcc 2.3 202.52 233.70 436.22 OK
r-devel-linux-x86_64-fedora-clang 2.3 730.90 NOTE
r-devel-linux-x86_64-fedora-gcc 2.3 754.37 OK
r-devel-windows-ix86+x86_64 2.3 575.00 588.00 1163.00 NOTE
r-patched-linux-x86_64 2.3 206.03 301.63 507.66 OK
r-patched-solaris-x86 2.3 695.50 OK
r-release-linux-x86_64 2.3 211.00 305.85 516.85 OK
r-release-osx-x86_64 2.3 NOTE
r-release-windows-ix86+x86_64 2.3 588.00 606.00 1194.00 NOTE
r-oldrel-osx-x86_64 2.3 NOTE
r-oldrel-windows-ix86+x86_64 2.3 548.00 408.00 956.00 OK

Additional issues

rchk

Check Details

Version: 2.3
Check: installed package size
Result: NOTE
     installed size is 34.8Mb
     sub-directories of 1Mb or more:
     libs 33.7Mb
Flavors: r-devel-linux-x86_64-fedora-clang, r-devel-windows-ix86+x86_64, r-release-osx-x86_64, r-release-windows-ix86+x86_64, r-oldrel-osx-x86_64