Last updated on 2024-04-20 03:53:19 CEST.
Flavor | Version | Tinstall | Tcheck | Ttotal | Status | Flags |
---|---|---|---|---|---|---|
r-devel-linux-x86_64-debian-clang | 3.3-1 | 72.13 | 374.97 | 447.10 | OK | |
r-devel-linux-x86_64-debian-gcc | 3.3-1 | OK | ||||
r-devel-linux-x86_64-fedora-clang | 3.3-1 | 568.06 | OK | |||
r-devel-linux-x86_64-fedora-gcc | 3.3-1 | 570.79 | OK | |||
r-prerel-macos-arm64 | 3.3-1 | 156.00 | NOTE | |||
r-prerel-windows-x86_64 | 3.3-1 | 60.00 | 323.00 | 383.00 | NOTE | |
r-patched-linux-x86_64 | 3.3-1 | 84.04 | 361.46 | 445.50 | OK | |
r-release-linux-x86_64 | 3.3-1 | 58.75 | 370.81 | 429.56 | OK | |
r-release-macos-arm64 | 3.3-1 | 173.00 | NOTE | |||
r-release-macos-x86_64 | 3.3-1 | 321.00 | NOTE | |||
r-release-windows-x86_64 | 3.3-1 | 78.00 | 418.00 | 496.00 | NOTE | |
r-oldrel-macos-arm64 | 3.3-1 | 194.00 | NOTE | |||
r-oldrel-windows-x86_64 | 3.3-1 | 75.00 | 408.00 | 483.00 | NOTE |
Version: 3.3-1
Check: installed package size
Result: NOTE
installed size is 9.2Mb
sub-directories of 1Mb or more:
doc 1.7Mb
libs 5.2Mb
simulationStudy 1.5Mb
Flavors: r-prerel-macos-arm64, r-prerel-windows-x86_64, r-release-macos-arm64, r-release-macos-x86_64, r-release-windows-x86_64, r-oldrel-macos-arm64, r-oldrel-windows-x86_64