CRAN Package Check Results for Package robustlmm

Last updated on 2022-11-26 10:58:09 CET.

Flavor Version Tinstall Tcheck Ttotal Status Flags
r-devel-linux-x86_64-debian-clang 3.0-4 246.88 724.82 971.70 OK
r-devel-linux-x86_64-debian-gcc 3.0-4 210.09 537.43 747.52 OK
r-devel-linux-x86_64-fedora-clang 3.0-4 1224.09 NOTE
r-devel-linux-x86_64-fedora-gcc 3.0-4 1271.37 OK
r-devel-windows-x86_64 3.0-4 374.00 821.00 1195.00 NOTE
r-patched-linux-x86_64 3.0-4 OK
r-release-linux-x86_64 3.0-4 223.23 674.45 897.68 OK
r-release-macos-arm64 3.0-4 304.00 NOTE
r-release-macos-x86_64 3.0-4 525.00 NOTE
r-release-windows-x86_64 3.0-4 357.00 829.00 1186.00 NOTE
r-oldrel-macos-arm64 3.0-4 296.00 NOTE
r-oldrel-macos-x86_64 3.0-4 518.00 NOTE
r-oldrel-windows-ix86+x86_64 3.0-4 555.00 1034.00 1589.00 NOTE

Check Details

Version: 3.0-4
Check: installed package size
Result: NOTE
     installed size is 6.3Mb
     sub-directories of 1Mb or more:
     doc 1.7Mb
     libs 2.1Mb
     simulationStudy 1.5Mb
Flavors: r-devel-linux-x86_64-fedora-clang, r-devel-windows-x86_64, r-release-macos-arm64, r-release-macos-x86_64, r-release-windows-x86_64, r-oldrel-macos-arm64, r-oldrel-macos-x86_64, r-oldrel-windows-ix86+x86_64