CRAN Package Check Results for Package robustX

Last updated on 2020-08-08 12:49:14 CEST.

Flavor Version Tinstall Tcheck Ttotal Status Flags
r-devel-linux-x86_64-debian-clang 1.2-4 3.72 41.79 45.51 OK
r-devel-linux-x86_64-debian-gcc 1.2-4 2.91 32.26 35.17 OK
r-devel-linux-x86_64-fedora-clang 1.2-4 62.74 NOTE
r-devel-linux-x86_64-fedora-gcc 1.2-4 58.62 OK
r-devel-windows-ix86+x86_64 1.2-4 11.00 69.00 80.00 OK
r-patched-linux-x86_64 1.2-4 4.19 40.12 44.31 OK
r-patched-solaris-x86 1.2-4 75.60 OK
r-release-linux-x86_64 1.2-4 4.51 40.68 45.19 OK
r-release-macos-x86_64 1.2-4 OK
r-release-windows-ix86+x86_64 1.2-4 9.00 71.00 80.00 OK
r-oldrel-macos-x86_64 1.2-4 OK
r-oldrel-windows-ix86+x86_64 1.2-4 5.00 45.00 50.00 OK

Check Details

Version: 1.2-4
Check: Rd cross-references
Result: NOTE
    Undeclared package ‘pcaPP’ in Rd xrefs
Flavor: r-devel-linux-x86_64-fedora-clang