CRAN Package Check Results for Package robfilter

Last updated on 2023-03-28 12:54:52 CEST.

Flavor Version Tinstall Tcheck Ttotal Status Flags
r-devel-linux-x86_64-debian-clang 4.1.3 23.21 98.46 121.67 NOTE
r-devel-linux-x86_64-debian-gcc 4.1.3 18.33 73.87 92.20 NOTE
r-devel-linux-x86_64-fedora-clang 4.1.3 161.08 NOTE
r-devel-linux-x86_64-fedora-gcc 4.1.3 142.78 NOTE
r-patched-linux-x86_64 4.1.3 19.30 95.47 114.77 NOTE
r-release-linux-x86_64 4.1.3 19.66 94.73 114.39 OK
r-release-macos-arm64 4.1.3 44.00 OK
r-release-macos-x86_64 4.1.3 54.00 OK
r-release-windows-x86_64 4.1.3 59.00 151.00 210.00 OK
r-oldrel-macos-arm64 4.1.3 46.00 OK
r-oldrel-macos-x86_64 4.1.3 56.00 OK
r-oldrel-windows-ix86+x86_64 4.1.3 52.00 174.00 226.00 OK

Check Details

Version: 4.1.3
Check: C++ specification
Result: NOTE
     Specified C++11: please drop specification unless essential
Flavors: r-devel-linux-x86_64-debian-clang, r-devel-linux-x86_64-debian-gcc, r-devel-linux-x86_64-fedora-clang, r-devel-linux-x86_64-fedora-gcc, r-patched-linux-x86_64