CRAN Package Check Results for Package rnpn

Last updated on 2021-03-05 03:50:28 CET.

Flavor Version Tinstall Tcheck Ttotal Status Flags
r-devel-linux-x86_64-debian-clang 1.1.1 5.22 98.94 104.16 OK
r-devel-linux-x86_64-debian-gcc 1.1.1 4.23 75.18 79.41 OK
r-devel-linux-x86_64-fedora-clang 1.1.1 132.53 NOTE
r-devel-linux-x86_64-fedora-gcc 1.1.1 115.17 NOTE
r-devel-windows-ix86+x86_64 1.1.1 10.00 147.00 157.00 OK
r-patched-linux-x86_64 1.1.1 OK
r-patched-solaris-x86 1.1.1 179.30 NOTE
r-release-linux-x86_64 1.1.1 5.33 96.80 102.13 OK
r-release-macos-x86_64 1.1.1 NOTE
r-release-windows-ix86+x86_64 1.1.1 7.00 112.00 119.00 OK
r-oldrel-macos-x86_64 1.1.1 NOTE
r-oldrel-windows-ix86+x86_64 1.1.1 9.00 148.00 157.00 OK

Check Details

Version: 1.1.1
Check: dependencies in R code
Result: NOTE
    Namespace in Imports field not imported from: ‘rgdal’
     All declared Imports should be used.
Flavors: r-devel-linux-x86_64-fedora-clang, r-devel-linux-x86_64-fedora-gcc, r-patched-solaris-x86, r-release-macos-x86_64, r-oldrel-macos-x86_64