Last updated on 2023-03-20 12:51:23 CET.
Flavor | Version | Tinstall | Tcheck | Ttotal | Status | Flags |
---|---|---|---|---|---|---|
r-devel-linux-x86_64-debian-clang | 1.3.8 | WARN | ||||
r-devel-linux-x86_64-debian-gcc | 1.3.8 | 12.18 | 83.82 | 96.00 | WARN | |
r-devel-linux-x86_64-fedora-clang | 1.3.8 | 156.58 | WARN | |||
r-devel-linux-x86_64-fedora-gcc | 1.3.8 | 144.74 | WARN | |||
r-patched-linux-x86_64 | 1.3.8 | 20.84 | 103.51 | 124.35 | OK | |
r-release-linux-x86_64 | 1.3.8 | 11.55 | 101.79 | 113.34 | OK | |
r-release-macos-arm64 | 1.3.8 | 42.00 | OK | |||
r-release-macos-x86_64 | 1.3.8 | 74.00 | OK | |||
r-release-windows-x86_64 | 1.3.8 | 83.00 | 141.00 | 224.00 | OK | |
r-oldrel-macos-arm64 | 1.3.8 | 223.00 | OK | |||
r-oldrel-macos-x86_64 | 1.3.8 | 57.00 | OK | |||
r-oldrel-windows-ix86+x86_64 | 1.3.8 | 27.00 | 128.00 | 155.00 | NOTE |
Version: 1.3.8
Check: S3 generic/method consistency
Result: WARN
autoplot:
function(object, ...)
autoplot.meteo_coverage:
function(mateo_coverage, old_style)
See section ‘Generic functions and methods’ in the ‘Writing R
Extensions’ manual.
Flavors: r-devel-linux-x86_64-debian-clang, r-devel-linux-x86_64-debian-gcc, r-devel-linux-x86_64-fedora-clang, r-devel-linux-x86_64-fedora-gcc
Version: 1.3.8
Check: Rd cross-references
Result: NOTE
Undeclared package ‘rappdirs’ in Rd xrefs
Flavor: r-devel-linux-x86_64-fedora-clang
Version: 1.3.8
Check: R code for possible problems
Result: NOTE
Initiating curl with CURL_SSL_BACKEND: openssl
Flavor: r-oldrel-windows-ix86+x86_64