Last updated on 2022-08-11 12:55:41 CEST.
Flavor | Version | Tinstall | Tcheck | Ttotal | Status | Flags |
---|---|---|---|---|---|---|
r-devel-linux-x86_64-debian-clang | 0.8.6 | 177.79 | 37.02 | 214.81 | OK | |
r-devel-linux-x86_64-debian-gcc | 0.8.6 | 174.85 | 29.17 | 204.02 | OK | |
r-devel-linux-x86_64-fedora-clang | 0.8.6 | 363.08 | NOTE | |||
r-devel-linux-x86_64-fedora-gcc | 0.8.6 | 336.06 | OK | |||
r-devel-windows-x86_64 | 0.8.6 | 140.00 | 96.00 | 236.00 | OK | |
r-patched-linux-x86_64 | 0.8.6 | 171.48 | 36.20 | 207.68 | OK | |
r-release-linux-x86_64 | 0.8.6 | OK | ||||
r-release-macos-arm64 | 0.8.6 | 84.00 | NOTE | |||
r-release-macos-x86_64 | 0.8.6 | 110.00 | NOTE | |||
r-release-windows-x86_64 | 0.8.6 | 146.00 | 99.00 | 245.00 | OK | |
r-oldrel-macos-arm64 | 0.8.6 | 77.00 | NOTE | |||
r-oldrel-macos-x86_64 | 0.8.6 | 104.00 | NOTE | |||
r-oldrel-windows-ix86+x86_64 | 0.8.6 | 423.00 | 86.00 | 509.00 | OK |
Version: 0.8.6
Check: installed package size
Result: NOTE
installed size is 13.5Mb
sub-directories of 1Mb or more:
libs 13.3Mb
Flavors: r-devel-linux-x86_64-fedora-clang, r-release-macos-arm64, r-release-macos-x86_64, r-oldrel-macos-arm64, r-oldrel-macos-x86_64