CRAN Package Check Results for Package rnaturalearthdata

Last updated on 2020-06-06 22:51:23 CEST.

Flavor Version Tinstall Tcheck Ttotal Status Flags
r-devel-linux-x86_64-debian-clang 0.1.0 8.52 29.24 37.76 OK
r-devel-linux-x86_64-debian-gcc 0.1.0 7.41 23.50 30.91 OK
r-devel-linux-x86_64-fedora-clang 0.1.0 55.50 NOTE
r-devel-linux-x86_64-fedora-gcc 0.1.0 47.01 NOTE
r-devel-windows-ix86+x86_64 0.1.0 16.00 58.00 74.00 OK
r-patched-linux-x86_64 0.1.0 9.01 29.28 38.29 OK
r-patched-solaris-x86 0.1.0 75.60 NOTE
r-release-linux-x86_64 0.1.0 9.34 29.53 38.87 OK
r-release-osx-x86_64 0.1.0 NOTE
r-release-windows-ix86+x86_64 0.1.0 14.00 58.00 72.00 OK
r-oldrel-osx-x86_64 0.1.0 NOTE
r-oldrel-windows-ix86+x86_64 0.1.0 18.00 40.00 58.00 OK

Check Details

Version: 0.1.0
Check: data for non-ASCII characters
Result: NOTE
     Note: found 133 marked Latin-1 strings
Flavors: r-devel-linux-x86_64-fedora-clang, r-devel-linux-x86_64-fedora-gcc, r-patched-solaris-x86, r-release-osx-x86_64, r-oldrel-osx-x86_64