Last updated on 2023-12-02 03:57:53 CET.
Flavor | Version | Tinstall | Tcheck | Ttotal | Status | Flags |
---|---|---|---|---|---|---|
r-devel-linux-x86_64-debian-clang | 0.5.3 | 9.52 | 98.18 | 107.70 | NOTE | |
r-devel-linux-x86_64-debian-gcc | 0.5.3 | 7.20 | 71.38 | 78.58 | NOTE | |
r-devel-linux-x86_64-fedora-clang | 0.5.3 | 131.23 | OK | |||
r-devel-linux-x86_64-fedora-gcc | 0.5.3 | 140.51 | OK | |||
r-devel-windows-x86_64 | 0.5.3 | 8.00 | 102.00 | 110.00 | OK | |
r-patched-linux-x86_64 | 0.5.3 | 7.89 | 92.33 | 100.22 | OK | |
r-release-linux-x86_64 | 0.5.3 | 5.74 | 93.62 | 99.36 | OK | |
r-release-macos-arm64 | 0.5.3 | 59.00 | OK | |||
r-release-macos-x86_64 | 0.5.3 | 104.00 | OK | |||
r-release-windows-x86_64 | 0.5.3 | 11.00 | 113.00 | 124.00 | OK | |
r-oldrel-macos-arm64 | 0.5.3 | 47.00 | OK | |||
r-oldrel-macos-x86_64 | 0.5.3 | 67.00 | OK | |||
r-oldrel-windows-x86_64 | 0.5.3 | 12.00 | 135.00 | 147.00 | OK |
Version: 0.5.3
Check: Rd files
Result: NOTE
checkRd: (-1) validateFromString.Rd:6: Lost braces
6 | e.g. the string "{ mzQC : {}}"}
| ^
Flavors: r-devel-linux-x86_64-debian-clang, r-devel-linux-x86_64-debian-gcc