Last updated on 2024-04-19 06:03:33 CEST.
Flavor | Version | Tinstall | Tcheck | Ttotal | Status | Flags |
---|---|---|---|---|---|---|
r-devel-linux-x86_64-debian-clang | 2.4.0 | 8.08 | 64.00 | 72.08 | NOTE | |
r-devel-linux-x86_64-debian-gcc | 2.4.0 | NOTE | ||||
r-devel-linux-x86_64-fedora-clang | 2.4.0 | 91.56 | NOTE | |||
r-devel-linux-x86_64-fedora-gcc | 2.4.0 | 99.13 | NOTE | |||
r-prerel-macos-arm64 | 2.4.0 | 37.00 | NOTE | |||
r-prerel-windows-x86_64 | 2.4.0 | 7.00 | 69.00 | 76.00 | NOTE | |
r-patched-linux-x86_64 | 2.4.0 | 6.01 | 63.39 | 69.40 | NOTE | |
r-release-linux-x86_64 | 2.4.0 | 5.14 | 60.28 | 65.42 | OK | |
r-release-macos-arm64 | 2.4.0 | 39.00 | OK | |||
r-release-macos-x86_64 | 2.4.0 | 48.00 | OK | |||
r-release-windows-x86_64 | 2.4.0 | 9.00 | 76.00 | 85.00 | OK | |
r-oldrel-macos-arm64 | 2.4.0 | 31.00 | OK | |||
r-oldrel-windows-x86_64 | 2.4.0 | 10.00 | 76.00 | 86.00 | OK |
Version: 2.4.0
Check: Rd files
Result: NOTE
checkRd: (-1) myTarGetClientList.Rd:33: Lost braces
33 | {MyTarget API Documenation}{https://target.my.com/doc/api/detailed/#resource_agency_clients}
| ^
Flavors: r-devel-linux-x86_64-debian-clang, r-devel-linux-x86_64-debian-gcc, r-devel-linux-x86_64-fedora-clang, r-devel-linux-x86_64-fedora-gcc, r-prerel-macos-arm64, r-prerel-windows-x86_64, r-patched-linux-x86_64