Last updated on 2024-04-24 06:19:27 CEST.
Flavor | Version | Tinstall | Tcheck | Ttotal | Status | Flags |
---|---|---|---|---|---|---|
r-devel-linux-x86_64-debian-clang | 1.1-0 | 481.94 | 228.15 | 710.09 | NOTE | |
r-devel-linux-x86_64-debian-gcc | 1.1-0 | 447.74 | 199.73 | 647.47 | NOTE | |
r-devel-linux-x86_64-fedora-clang | 1.1-0 | 881.02 | NOTE | |||
r-devel-linux-x86_64-fedora-gcc | 1.1-0 | 1140.88 | NOTE | |||
r-prerel-macos-arm64 | 1.1-0 | 216.00 | NOTE | |||
r-prerel-macos-x86_64 | 1.1-0 | 377.00 | NOTE | |||
r-prerel-windows-x86_64 | 1.1-0 | 394.00 | 219.00 | 613.00 | NOTE | |
r-patched-linux-x86_64 | 1.1-0 | 404.51 | 259.29 | 663.80 | NOTE | |
r-release-linux-x86_64 | 1.1-0 | 400.38 | 256.96 | 657.34 | NOTE | |
r-release-macos-arm64 | 1.1-0 | 230.00 | NOTE | |||
r-release-macos-x86_64 | 1.1-0 | 362.00 | NOTE | |||
r-release-windows-x86_64 | 1.1-0 | 481.00 | 270.00 | 751.00 | NOTE | |
r-oldrel-macos-arm64 | 1.1-0 | 203.00 | NOTE | |||
r-oldrel-windows-x86_64 | 1.1-0 | 464.00 | 248.00 | 712.00 | NOTE |
Version: 1.1-0
Check: package dependencies
Result: NOTE
Package suggested but not available for checking: ‘cmdstanr’
Flavors: r-devel-linux-x86_64-debian-clang, r-devel-linux-x86_64-debian-gcc, r-devel-linux-x86_64-fedora-clang, r-devel-linux-x86_64-fedora-gcc, r-prerel-macos-arm64, r-prerel-macos-x86_64, r-prerel-windows-x86_64, r-patched-linux-x86_64, r-release-linux-x86_64, r-release-macos-arm64, r-release-macos-x86_64, r-release-windows-x86_64, r-oldrel-macos-arm64, r-oldrel-windows-x86_64
Version: 1.1-0
Check: Rd cross-references
Result: NOTE
Package unavailable to check Rd xrefs: ‘cmdstanr’
Flavors: r-devel-linux-x86_64-debian-clang, r-devel-linux-x86_64-debian-gcc, r-devel-linux-x86_64-fedora-gcc, r-prerel-macos-arm64, r-prerel-macos-x86_64, r-prerel-windows-x86_64, r-patched-linux-x86_64, r-release-linux-x86_64, r-release-macos-arm64, r-release-macos-x86_64, r-release-windows-x86_64, r-oldrel-macos-arm64, r-oldrel-windows-x86_64
Version: 1.1-0
Check: for GNU extensions in Makefiles
Result: NOTE
GNU make is a SystemRequirements.
Flavors: r-devel-linux-x86_64-debian-clang, r-devel-linux-x86_64-debian-gcc, r-devel-linux-x86_64-fedora-clang, r-devel-linux-x86_64-fedora-gcc, r-prerel-macos-arm64, r-prerel-macos-x86_64, r-prerel-windows-x86_64, r-patched-linux-x86_64, r-release-linux-x86_64, r-release-macos-arm64, r-release-macos-x86_64, r-release-windows-x86_64, r-oldrel-macos-arm64, r-oldrel-windows-x86_64
Version: 1.1-0
Check: Rd cross-references
Result: NOTE
Undeclared package ‘coda’ in Rd xrefs
Package unavailable to check Rd xrefs: ‘cmdstanr’
Flavor: r-devel-linux-x86_64-fedora-clang
Version: 1.1-0
Check: installed package size
Result: NOTE
installed size is 84.3Mb
sub-directories of 1Mb or more:
libs 83.7Mb
Flavors: r-prerel-macos-arm64, r-prerel-macos-x86_64, r-release-macos-arm64, r-release-macos-x86_64, r-oldrel-macos-arm64