Last updated on 2022-05-26 05:57:59 CEST.
Flavor | Version | Tinstall | Tcheck | Ttotal | Status | Flags |
---|---|---|---|---|---|---|
r-devel-linux-x86_64-debian-clang | 0.1.0 | 375.95 | 196.51 | 572.46 | NOTE | |
r-devel-linux-x86_64-debian-gcc | 0.1.0 | 361.55 | 173.20 | 534.75 | NOTE | |
r-devel-linux-x86_64-fedora-clang | 0.1.0 | 804.71 | NOTE | |||
r-devel-linux-x86_64-fedora-gcc | 0.1.0 | 788.18 | NOTE | |||
r-devel-windows-x86_64 | 0.1.0 | 244.00 | 244.00 | 488.00 | NOTE | |
r-patched-linux-x86_64 | 0.1.0 | 294.79 | 204.50 | 499.29 | NOTE | |
r-release-linux-x86_64 | 0.1.0 | NOTE | ||||
r-release-macos-arm64 | 0.1.0 | 219.00 | NOTE | |||
r-release-macos-x86_64 | 0.1.0 | 324.00 | NOTE | |||
r-release-windows-x86_64 | 0.1.0 | 249.00 | 243.00 | 492.00 | NOTE | |
r-oldrel-macos-arm64 | 0.1.0 | 171.00 | NOTE | |||
r-oldrel-macos-x86_64 | 0.1.0 | 245.00 | NOTE | |||
r-oldrel-windows-ix86+x86_64 | 0.1.0 | 731.00 | 9.00 | 740.00 | ERROR |
Version: 0.1.0
Check: for GNU extensions in Makefiles
Result: NOTE
GNU make is a SystemRequirements.
Flavors: r-devel-linux-x86_64-debian-clang, r-devel-linux-x86_64-debian-gcc, r-devel-linux-x86_64-fedora-clang, r-devel-linux-x86_64-fedora-gcc, r-devel-windows-x86_64, r-patched-linux-x86_64, r-release-linux-x86_64, r-release-macos-arm64, r-release-macos-x86_64, r-release-windows-x86_64, r-oldrel-macos-arm64, r-oldrel-macos-x86_64
Version: 0.1.0
Check: installed package size
Result: NOTE
installed size is 40.7Mb
sub-directories of 1Mb or more:
libs 40.2Mb
Flavors: r-devel-linux-x86_64-fedora-clang, r-release-macos-arm64, r-release-macos-x86_64, r-oldrel-macos-arm64, r-oldrel-macos-x86_64
Version: 0.1.0
Check: dependencies in R code
Result: NOTE
Namespaces in Imports field not imported from:
‘RcppParallel’ ‘rstantools’
All declared Imports should be used.
Flavors: r-devel-linux-x86_64-fedora-clang, r-devel-linux-x86_64-fedora-gcc, r-release-macos-arm64, r-release-macos-x86_64, r-oldrel-macos-arm64, r-oldrel-macos-x86_64
Version: 0.1.0
Check: Rd cross-references
Result: NOTE
Undeclared package ‘coda’ in Rd xrefs
Flavor: r-devel-linux-x86_64-fedora-clang
Version: 0.1.0
Check: whether package can be installed
Result: ERROR
Installation failed.
Flavor: r-oldrel-windows-ix86+x86_64