Last updated on 2025-05-06 06:50:06 CEST.
Flavor | Version | Tinstall | Tcheck | Ttotal | Status | Flags |
---|---|---|---|---|---|---|
r-devel-linux-x86_64-debian-clang | 3.0 | 2.64 | 26.64 | 29.28 | NOTE | |
r-devel-linux-x86_64-debian-gcc | 3.0 | 2.04 | 20.45 | 22.49 | NOTE | |
r-devel-linux-x86_64-fedora-clang | 3.0 | 45.89 | OK | |||
r-devel-linux-x86_64-fedora-gcc | 3.0 | 44.20 | OK | |||
r-devel-windows-x86_64 | 3.0 | 4.00 | 52.00 | 56.00 | OK | |
r-patched-linux-x86_64 | 3.0 | 2.72 | 25.30 | 28.02 | OK | |
r-release-linux-x86_64 | 3.0 | 2.74 | 25.20 | 27.94 | OK | |
r-release-macos-arm64 | 3.0 | 18.00 | OK | |||
r-release-macos-x86_64 | 3.0 | 32.00 | OK | |||
r-release-windows-x86_64 | 3.0 | 4.00 | 58.00 | 62.00 | OK | |
r-oldrel-macos-arm64 | 3.0 | 19.00 | OK | |||
r-oldrel-macos-x86_64 | 3.0 | 25.00 | OK | |||
r-oldrel-windows-x86_64 | 3.0 | 3.00 | 52.00 | 55.00 | OK |
Version: 3.0
Check: CRAN incoming feasibility
Result: NOTE
Maintainer: ‘Thomas Lumley <t.lumley@auckland.ac.nz>’
No Authors@R field in DESCRIPTION.
Please add one, modifying
Authors@R: person(given = "Thomas",
family = "Lumley",
role = c("aut", "cre"),
email = "t.lumley@auckland.ac.nz")
as necessary.
Flavors: r-devel-linux-x86_64-debian-clang, r-devel-linux-x86_64-debian-gcc