Last updated on 2024-04-23 05:58:25 CEST.
Flavor | Version | Tinstall | Tcheck | Ttotal | Status | Flags |
---|---|---|---|---|---|---|
r-devel-linux-x86_64-debian-clang | 1.3.5 | 10.49 | 186.78 | 197.27 | NOTE | |
r-devel-linux-x86_64-debian-gcc | 1.3.5 | 8.94 | 138.88 | 147.82 | NOTE | |
r-devel-linux-x86_64-fedora-clang | 1.3.5 | 255.59 | NOTE | |||
r-devel-linux-x86_64-fedora-gcc | 1.3.5 | 270.29 | NOTE | |||
r-prerel-macos-arm64 | 1.3.5 | 75.00 | NOTE | |||
r-prerel-windows-x86_64 | 1.3.5 | 11.00 | 118.00 | 129.00 | NOTE | |
r-patched-linux-x86_64 | 1.3.5 | 8.73 | 189.59 | 198.32 | NOTE | |
r-release-linux-x86_64 | 1.3.5 | 10.17 | 187.06 | 197.23 | OK | |
r-release-macos-arm64 | 1.3.5 | 70.00 | OK | |||
r-release-macos-x86_64 | 1.3.5 | 89.00 | OK | |||
r-release-windows-x86_64 | 1.3.5 | 15.00 | 134.00 | 149.00 | OK | |
r-oldrel-macos-arm64 | 1.3.5 | 58.00 | OK | |||
r-oldrel-windows-x86_64 | 1.3.5 | 16.00 | 133.00 | 149.00 | OK |
Version: 1.3.5
Check: Rd files
Result: NOTE
checkRd: (-1) plot.mcfs.Rd:24: Lost braces; missing escapes or markup?
24 | \item\code{ri} {plots top features set with their RIs as well as max RI obtained from permutation experiments. Red color denotes important features.}
| ^
Flavors: r-devel-linux-x86_64-debian-clang, r-devel-linux-x86_64-debian-gcc, r-devel-linux-x86_64-fedora-clang, r-devel-linux-x86_64-fedora-gcc, r-prerel-macos-arm64, r-prerel-windows-x86_64, r-patched-linux-x86_64