CRAN Package Check Results for Package rmapshaper

Last updated on 2024-02-22 04:05:02 CET.

Flavor Version Tinstall Tcheck Ttotal Status Flags
r-devel-linux-x86_64-debian-clang 0.5.0 NOTE
r-devel-linux-x86_64-debian-gcc 0.5.0 5.40 65.06 70.46 NOTE
r-devel-linux-x86_64-fedora-gcc 0.5.0 127.95 OK
r-devel-windows-x86_64 0.5.0 7.00 82.00 89.00 OK
r-patched-linux-x86_64 0.5.0 5.59 85.01 90.60 OK
r-release-linux-x86_64 0.5.0 5.92 84.84 90.76 OK
r-release-macos-arm64 0.5.0 42.00 OK
r-release-macos-x86_64 0.5.0 77.00 OK
r-release-windows-x86_64 0.5.0 8.00 91.00 99.00 OK
r-oldrel-macos-arm64 0.5.0 38.00 OK
r-oldrel-windows-x86_64 0.5.0 9.00 95.00 104.00 OK

Check Details

Version: 0.5.0
Check: Rd files
Result: NOTE checkRd: (-1) ms_simplify.Rd:36: Lost braces 36 | \url{https://github.com/mbloch/mapshaper/wiki/Simplification-Tips}{link} | ^ Flavors: r-devel-linux-x86_64-debian-clang, r-devel-linux-x86_64-debian-gcc