Last updated on 2025-02-22 21:51:33 CET.
Flavor | Version | Tinstall | Tcheck | Ttotal | Status | Flags |
---|---|---|---|---|---|---|
r-devel-linux-x86_64-debian-clang | 1.7.4 | 13.83 | 42.18 | 56.01 | NOTE | |
r-devel-linux-x86_64-debian-gcc | 1.7.4 | 8.99 | 31.37 | 40.36 | NOTE | |
r-devel-linux-x86_64-fedora-clang | 1.7.4 | 92.07 | OK | |||
r-devel-linux-x86_64-fedora-gcc | 1.7.4 | 100.05 | OK | |||
r-devel-macos-arm64 | 1.7.4 | 36.00 | OK | |||
r-devel-macos-x86_64 | 1.7.4 | 72.00 | OK | |||
r-devel-windows-x86_64 | 1.7.4 | 18.00 | 65.00 | 83.00 | NOTE | |
r-patched-linux-x86_64 | 1.7.4 | 16.57 | 40.46 | 57.03 | OK | |
r-release-linux-x86_64 | 1.7.4 | 13.29 | 39.72 | 53.01 | OK | |
r-release-macos-arm64 | 1.7.4 | 36.00 | OK | |||
r-release-macos-x86_64 | 1.7.4 | 52.00 | OK | |||
r-release-windows-x86_64 | 1.7.4 | 17.00 | 67.00 | 84.00 | OK | |
r-oldrel-macos-arm64 | 1.7.4 | 38.00 | OK | |||
r-oldrel-macos-x86_64 | 1.7.4 | 58.00 | OK | |||
r-oldrel-windows-x86_64 | 1.7.4 | 21.00 | 75.00 | 96.00 | OK |
Version: 1.7.4
Check: Rd cross-references
Result: NOTE
Found the following Rd file(s) with Rd \link{} targets missing package
anchors:
LRParser.Rd: R6Class
LexToken.Rd: R6Class
Lexer.Rd: R6Class
NullLogger.Rd: R6Class
RlyLogger.Rd: R6Class
YaccProduction.Rd: R6Class
Please provide package anchors for all Rd \link{} targets not in the
package itself and the base packages.
Flavors: r-devel-linux-x86_64-debian-clang, r-devel-linux-x86_64-debian-gcc, r-devel-windows-x86_64