CRAN Package Check Results for Package rliger

Last updated on 2022-01-17 06:53:28 CET.

Flavor Version Tinstall Tcheck Ttotal Status Flags
r-devel-linux-x86_64-debian-clang 1.0.0 133.86 222.24 356.10 OK
r-devel-linux-x86_64-debian-gcc 1.0.0 96.72 168.68 265.40 OK
r-devel-linux-x86_64-fedora-clang 1.0.0 477.47 NOTE
r-devel-linux-x86_64-fedora-gcc 1.0.0 472.32 OK
r-devel-windows-x86_64-new-UL 1.0.0 134.00 266.00 400.00 OK
r-devel-windows-x86_64-new-TK 1.0.0 OK
r-patched-linux-x86_64 1.0.0 114.87 212.71 327.58 OK
r-release-linux-x86_64 1.0.0 OK
r-release-macos-arm64 1.0.0 NOTE
r-release-macos-x86_64 1.0.0 NOTE
r-release-windows-ix86+x86_64 1.0.0 325.00 378.00 703.00 OK
r-oldrel-macos-x86_64 1.0.0 NOTE
r-oldrel-windows-ix86+x86_64 1.0.0 324.00 377.00 701.00 OK

Check Details

Version: 1.0.0
Check: installed package size
Result: NOTE
     installed size is 6.3Mb
     sub-directories of 1Mb or more:
     libs 5.7Mb
Flavors: r-devel-linux-x86_64-fedora-clang, r-release-macos-arm64, r-release-macos-x86_64, r-oldrel-macos-x86_64

Version: 1.0.0
Check: package dependencies
Result: NOTE
    Packages suggested but not available for checking:
     'GenomicRanges', 'org.Hs.eg.db', 'reactome.db', 'fgsea'
Flavor: r-release-macos-arm64

Version: 1.0.0
Check: package dependencies
Result: NOTE
    Packages suggested but not available for checking:
     'org.Hs.eg.db', 'reactome.db', 'fgsea'
Flavor: r-release-macos-x86_64

Version: 1.0.0
Check: package dependencies
Result: NOTE
    Packages suggested but not available for checking: 'reactome.db', 'fgsea'
Flavor: r-oldrel-macos-x86_64