Last updated on 2024-04-27 03:56:25 CEST.
Flavor | Version | Tinstall | Tcheck | Ttotal | Status | Flags |
---|---|---|---|---|---|---|
r-devel-linux-x86_64-debian-clang | 0.1.1 | 2.25 | 29.47 | 31.72 | NOTE | |
r-devel-linux-x86_64-debian-gcc | 0.1.1 | 1.61 | 22.82 | 24.43 | NOTE | |
r-devel-linux-x86_64-fedora-clang | 0.1.1 | 40.94 | NOTE | |||
r-devel-linux-x86_64-fedora-gcc | 0.1.1 | 51.76 | NOTE | |||
r-devel-windows-x86_64 | 0.1.1 | 3.00 | 45.00 | 48.00 | NOTE | |
r-patched-linux-x86_64 | 0.1.1 | 1.41 | 27.67 | 29.08 | NOTE | |
r-release-linux-x86_64 | 0.1.1 | 2.11 | 27.65 | 29.76 | NOTE | |
r-release-macos-arm64 | 0.1.1 | 24.00 | NOTE | |||
r-release-windows-x86_64 | 0.1.1 | 3.00 | 45.00 | 48.00 | NOTE | |
r-oldrel-macos-arm64 | 0.1.1 | 22.00 | NOTE | |||
r-oldrel-macos-x86_64 | 0.1.1 | 30.00 | NOTE | |||
r-oldrel-windows-x86_64 | 0.1.1 | 3.00 | 46.00 | 49.00 | NOTE |
Version: 0.1.1
Check: LazyData
Result: NOTE
'LazyData' is specified without a 'data' directory
Flavors: r-devel-linux-x86_64-debian-clang, r-devel-linux-x86_64-debian-gcc, r-devel-linux-x86_64-fedora-clang, r-devel-linux-x86_64-fedora-gcc, r-devel-windows-x86_64, r-patched-linux-x86_64, r-release-linux-x86_64, r-release-macos-arm64, r-release-windows-x86_64, r-oldrel-macos-arm64, r-oldrel-macos-x86_64, r-oldrel-windows-x86_64