Last updated on 2023-04-01 12:56:36 CEST.
Flavor | Version | Tinstall | Tcheck | Ttotal | Status | Flags |
---|---|---|---|---|---|---|
r-devel-linux-x86_64-debian-clang | 1.6.3 | 487.07 | 36.60 | 523.67 | OK | |
r-devel-linux-x86_64-debian-gcc | 1.6.3 | 345.49 | 29.64 | 375.13 | OK | |
r-devel-linux-x86_64-fedora-clang | 1.6.3 | 828.70 | OK | |||
r-devel-linux-x86_64-fedora-gcc | 1.6.3 | 670.36 | OK | |||
r-patched-linux-x86_64 | 1.6.3 | 372.29 | 38.46 | 410.75 | OK | |
r-release-linux-x86_64 | 1.6.3 | 345.72 | 38.00 | 383.72 | OK | |
r-release-macos-arm64 | 1.6.3 | 127.00 | NOTE | |||
r-release-macos-x86_64 | 1.6.3 | 179.00 | NOTE | |||
r-release-windows-x86_64 | 1.6.3 | 921.00 | 116.00 | 1037.00 | OK | |
r-oldrel-macos-arm64 | 1.6.3 | 122.00 | NOTE | |||
r-oldrel-macos-x86_64 | 1.6.3 | 192.00 | NOTE | |||
r-oldrel-windows-ix86+x86_64 | 1.6.3 | 11.00 | 19.00 | 30.00 | ERROR |
Version: 1.6.3
Check: installed package size
Result: NOTE
installed size is 10.6Mb
sub-directories of 1Mb or more:
libs 10.1Mb
Flavors: r-release-macos-arm64, r-release-macos-x86_64, r-oldrel-macos-arm64, r-oldrel-macos-x86_64
Version: 1.6.3
Check: whether package can be installed
Result: ERROR
Installation failed.
Flavor: r-oldrel-windows-ix86+x86_64