CRAN Package Check Results for Package rkriging

Last updated on 2025-01-13 12:49:48 CET.

Flavor Version Tinstall Tcheck Ttotal Status Flags
r-devel-linux-x86_64-debian-clang 1.0.1 109.74 87.88 197.62 OK
r-devel-linux-x86_64-debian-gcc 1.0.1 92.17 59.33 151.50 OK
r-devel-linux-x86_64-fedora-clang 1.0.1 323.83 OK
r-devel-linux-x86_64-fedora-gcc 1.0.1 389.30 OK
r-devel-windows-x86_64 1.0.1 106.00 120.00 226.00 OK
r-patched-linux-x86_64 1.0.1 125.13 85.36 210.49 OK
r-release-linux-x86_64 1.0.1 123.71 88.51 212.22 OK
r-release-macos-arm64 1.0.1 81.00 NOTE
r-release-macos-x86_64 1.0.1 249.00 NOTE
r-release-windows-x86_64 1.0.1 105.00 122.00 227.00 OK
r-oldrel-macos-arm64 1.0.1 96.00 NOTE
r-oldrel-macos-x86_64 1.0.1 218.00 NOTE
r-oldrel-windows-x86_64 1.0.1 130.00 150.00 280.00 OK

Check Details

Version: 1.0.1
Check: installed package size
Result: NOTE installed size is 44.8Mb sub-directories of 1Mb or more: libs 44.2Mb Flavors: r-release-macos-arm64, r-release-macos-x86_64, r-oldrel-macos-arm64, r-oldrel-macos-x86_64