Last updated on 2023-03-21 12:50:47 CET.
Flavor | Version | Tinstall | Tcheck | Ttotal | Status | Flags |
---|---|---|---|---|---|---|
r-devel-linux-x86_64-debian-clang | 1.4.2.2 | 25.31 | 52.63 | 77.94 | NOTE | |
r-devel-linux-x86_64-debian-gcc | 1.4.2.2 | 18.39 | 42.03 | 60.42 | NOTE | |
r-devel-linux-x86_64-fedora-clang | 1.4.2.2 | 106.53 | NOTE | |||
r-devel-linux-x86_64-fedora-gcc | 1.4.2.2 | 104.68 | NOTE | |||
r-patched-linux-x86_64 | 1.4.2.2 | 19.11 | 48.34 | 67.45 | NOTE | |
r-release-linux-x86_64 | 1.4.2.2 | 20.23 | 49.02 | 69.25 | NOTE | |
r-release-macos-arm64 | 1.4.2.2 | 31.00 | NOTE | |||
r-release-macos-x86_64 | 1.4.2.2 | 40.00 | NOTE | |||
r-oldrel-macos-arm64 | 1.4.2.2 | 38.00 | NOTE | |||
r-oldrel-macos-x86_64 | 1.4.2.2 | 53.00 | NOTE |
Version: 1.4.2.2
Check: C++ specification
Result: NOTE
Specified C++11: please drop specification unless essential
Flavors: r-devel-linux-x86_64-debian-clang, r-devel-linux-x86_64-debian-gcc, r-devel-linux-x86_64-fedora-clang, r-devel-linux-x86_64-fedora-gcc
Version: 1.4.2.2
Check: LazyData
Result: NOTE
'LazyData' is specified without a 'data' directory
Flavors: r-devel-linux-x86_64-debian-clang, r-devel-linux-x86_64-debian-gcc, r-devel-linux-x86_64-fedora-clang, r-devel-linux-x86_64-fedora-gcc, r-patched-linux-x86_64, r-release-linux-x86_64, r-release-macos-arm64, r-release-macos-x86_64, r-oldrel-macos-arm64, r-oldrel-macos-x86_64