CRAN Package Check Results for Package rjsonapi

Last updated on 2020-05-28 12:48:49 CEST.

Flavor Version Tinstall Tcheck Ttotal Status Flags
r-devel-linux-x86_64-debian-clang 0.1.0 3.03 27.72 30.75 OK
r-devel-linux-x86_64-debian-gcc 0.1.0 2.62 22.42 25.04 OK
r-devel-linux-x86_64-fedora-clang 0.1.0 38.30 NOTE
r-devel-linux-x86_64-fedora-gcc 0.1.0 37.35 NOTE
r-devel-windows-ix86+x86_64 0.1.0 12.00 52.00 64.00 OK
r-patched-linux-x86_64 0.1.0 3.49 27.95 31.44 OK
r-patched-solaris-x86 0.1.0 60.90 NOTE
r-release-linux-x86_64 0.1.0 3.21 27.99 31.20 OK
r-release-osx-x86_64 0.1.0 NOTE
r-release-windows-ix86+x86_64 0.1.0 8.00 63.00 71.00 OK
r-oldrel-osx-x86_64 0.1.0 NOTE
r-oldrel-windows-ix86+x86_64 0.1.0 7.00 41.00 48.00 OK

Check Details

Version: 0.1.0
Check: dependencies in R code
Result: NOTE
    Namespace in Imports field not imported from: ‘crul’
     All declared Imports should be used.
Flavors: r-devel-linux-x86_64-fedora-clang, r-devel-linux-x86_64-fedora-gcc, r-patched-solaris-x86, r-release-osx-x86_64, r-oldrel-osx-x86_64