CRAN Package Check Results for Package rjmcmc

Last updated on 2020-07-08 03:48:02 CEST.

Flavor Version Tinstall Tcheck Ttotal Status Flags
r-devel-linux-x86_64-debian-clang 0.4.5 9.11 77.67 86.78 OK
r-devel-linux-x86_64-debian-gcc 0.4.5 7.42 60.58 68.00 OK
r-devel-linux-x86_64-fedora-clang 0.4.5 110.73 NOTE
r-devel-linux-x86_64-fedora-gcc 0.4.5 102.25 NOTE
r-devel-windows-ix86+x86_64 0.4.5 14.00 86.00 100.00 OK
r-patched-linux-x86_64 0.4.5 8.01 76.97 84.98 OK
r-patched-solaris-x86 0.4.5 151.90 NOTE
r-release-linux-x86_64 0.4.5 7.91 75.97 83.88 OK
r-release-osx-x86_64 0.4.5 NOTE
r-release-windows-ix86+x86_64 0.4.5 16.00 82.00 98.00 OK
r-oldrel-osx-x86_64 0.4.5 NOTE
r-oldrel-windows-ix86+x86_64 0.4.5 22.00 100.00 122.00 OK

Check Details

Version: 0.4.5
Check: dependencies in R code
Result: NOTE
    Namespace in Imports field not imported from: ‘coda’
     All declared Imports should be used.
Flavors: r-devel-linux-x86_64-fedora-clang, r-devel-linux-x86_64-fedora-gcc, r-patched-solaris-x86, r-release-osx-x86_64, r-oldrel-osx-x86_64