CRAN Package Check Results for Package rjdmarkdown

Last updated on 2023-03-27 06:50:18 CEST.

Flavor Version Tinstall Tcheck Ttotal Status Flags
r-devel-linux-x86_64-debian-clang 0.2.0 7.98 109.70 117.68 NOTE
r-devel-linux-x86_64-debian-gcc 0.2.0 4.64 84.25 88.89 NOTE
r-devel-linux-x86_64-fedora-clang 0.2.0 148.58 NOTE
r-devel-linux-x86_64-fedora-gcc 0.2.0 155.02 NOTE
r-patched-linux-x86_64 0.2.0 7.35 108.22 115.57 NOTE
r-release-linux-x86_64 0.2.0 5.17 108.23 113.40 NOTE
r-release-macos-arm64 0.2.0 39.00 NOTE
r-release-macos-x86_64 0.2.0 69.00 NOTE
r-release-windows-x86_64 0.2.0 34.00 143.00 177.00 NOTE
r-oldrel-macos-arm64 0.2.0 68.00 NOTE
r-oldrel-macos-x86_64 0.2.0 72.00 NOTE
r-oldrel-windows-ix86+x86_64 0.2.0 17.00 130.00 147.00 NOTE

Check Details

Version: 0.2.0
Check: LazyData
Result: NOTE
     'LazyData' is specified without a 'data' directory
Flavors: r-devel-linux-x86_64-debian-clang, r-devel-linux-x86_64-debian-gcc, r-devel-linux-x86_64-fedora-clang, r-devel-linux-x86_64-fedora-gcc, r-patched-linux-x86_64, r-release-linux-x86_64, r-release-macos-arm64, r-release-macos-x86_64, r-release-windows-x86_64, r-oldrel-macos-arm64, r-oldrel-macos-x86_64, r-oldrel-windows-ix86+x86_64