CRAN Package Check Results for Package rigr

Last updated on 2023-12-02 12:48:29 CET.

Flavor Version Tinstall Tcheck Ttotal Status Flags
r-devel-linux-x86_64-debian-clang 1.0.4 13.18 112.08 125.26 NOTE
r-devel-linux-x86_64-debian-gcc 1.0.4 9.36 83.68 93.04 NOTE
r-devel-linux-x86_64-fedora-clang 1.0.4 153.25 OK
r-devel-linux-x86_64-fedora-gcc 1.0.4 153.34 OK
r-devel-windows-x86_64 1.0.4 10.00 102.00 112.00 OK
r-patched-linux-x86_64 1.0.4 10.36 107.03 117.39 OK
r-release-linux-x86_64 1.0.4 11.04 105.12 116.16 OK
r-release-macos-arm64 1.0.4 50.00 OK
r-release-macos-x86_64 1.0.4 81.00 OK
r-release-windows-x86_64 1.0.4 13.00 124.00 137.00 OK
r-oldrel-macos-arm64 1.0.4 38.00 OK
r-oldrel-macos-x86_64 1.0.4 52.00 OK
r-oldrel-windows-x86_64 1.0.4 13.00 118.00 131.00 OK

Check Details

Version: 1.0.4
Check: Rd files
Result: NOTE checkRd: (-1) descrip.Rd:122: Lost braces in \itemize; \value handles \item{}{} directly checkRd: (-1) descrip.Rd:123: Lost braces in \itemize; \value handles \item{}{} directly checkRd: (-1) descrip.Rd:124-125: Lost braces in \itemize; \value handles \item{}{} directly checkRd: (-1) descrip.Rd:126-128: Lost braces in \itemize; \value handles \item{}{} directly checkRd: (-1) descrip.Rd:129-133: Lost braces in \itemize; \value handles \item{}{} directly checkRd: (-1) descrip.Rd:134-135: Lost braces in \itemize; \value handles \item{}{} directly checkRd: (-1) descrip.Rd:136-138: Lost braces in \itemize; \value handles \item{}{} directly checkRd: (-1) descrip.Rd:139-140: Lost braces in \itemize; \value handles \item{}{} directly checkRd: (-1) descrip.Rd:141-144: Lost braces in \itemize; \value handles \item{}{} directly checkRd: (-1) descrip.Rd:145-146: Lost braces in \itemize; \value handles \item{}{} directly checkRd: (-1) descrip.Rd:147: Lost braces in \itemize; \value handles \item{}{} directly checkRd: (-1) descrip.Rd:148: Lost braces in \itemize; \value handles \item{}{} directly checkRd: (-1) descrip.Rd:149: Lost braces in \itemize; \value handles \item{}{} directly Flavors: r-devel-linux-x86_64-debian-clang, r-devel-linux-x86_64-debian-gcc