Last updated on 2024-04-23 12:49:39 CEST.
Flavor | Version | Tinstall | Tcheck | Ttotal | Status | Flags |
---|---|---|---|---|---|---|
r-devel-linux-x86_64-debian-clang | 0.5.6 | 20.36 | 198.61 | 218.97 | NOTE | |
r-devel-linux-x86_64-debian-gcc | 0.5.6 | 11.98 | 144.15 | 156.13 | NOTE | |
r-devel-linux-x86_64-fedora-clang | 0.5.6 | 287.33 | NOTE | |||
r-devel-linux-x86_64-fedora-gcc | 0.5.6 | 257.49 | NOTE | |||
r-prerel-macos-arm64 | 0.5.6 | 74.00 | NOTE | |||
r-prerel-windows-x86_64 | 0.5.6 | 19.00 | 170.00 | 189.00 | NOTE | |
r-patched-linux-x86_64 | 0.5.6 | 21.84 | 187.26 | 209.10 | NOTE | |
r-release-linux-x86_64 | 0.5.6 | 10.74 | 187.50 | 198.24 | NOTE | |
r-release-macos-arm64 | 0.5.6 | 85.00 | NOTE | |||
r-release-macos-x86_64 | 0.5.6 | 175.00 | NOTE | |||
r-release-windows-x86_64 | 0.5.6 | 22.00 | 195.00 | 217.00 | NOTE | |
r-oldrel-macos-arm64 | 0.5.6 | 77.00 | NOTE | |||
r-oldrel-windows-x86_64 | 0.5.6 | 21.00 | 197.00 | 218.00 | NOTE |
Version: 0.5.6
Check: package dependencies
Result: NOTE
Packages suggested but not available for checking:
'mimic.demo', 'eicu.demo'
Flavors: r-devel-linux-x86_64-debian-clang, r-devel-linux-x86_64-debian-gcc, r-devel-linux-x86_64-fedora-clang, r-devel-linux-x86_64-fedora-gcc, r-prerel-macos-arm64, r-prerel-windows-x86_64, r-patched-linux-x86_64, r-release-linux-x86_64, r-release-macos-arm64, r-release-macos-x86_64, r-release-windows-x86_64, r-oldrel-macos-arm64, r-oldrel-windows-x86_64