Last updated on 2023-03-20 21:58:01 CET.
Flavor | Version | Tinstall | Tcheck | Ttotal | Status | Flags |
---|---|---|---|---|---|---|
r-devel-linux-x86_64-debian-clang | 3.0.0 | OK | ||||
r-devel-linux-x86_64-debian-gcc | 3.0.0 | 3.91 | 60.58 | 64.49 | OK | |
r-devel-linux-x86_64-fedora-clang | 3.0.0 | 113.34 | OK | |||
r-devel-linux-x86_64-fedora-gcc | 3.0.0 | 113.59 | OK | |||
r-patched-linux-x86_64 | 3.0.0 | 3.26 | 78.87 | 82.13 | OK | |
r-release-linux-x86_64 | 3.0.0 | 5.00 | 78.94 | 83.94 | OK | |
r-release-macos-arm64 | 3.0.0 | 70.00 | OK | |||
r-release-macos-x86_64 | 3.0.0 | 85.00 | OK | |||
r-release-windows-x86_64 | 3.0.0 | 21.00 | 162.00 | 183.00 | OK | |
r-oldrel-macos-arm64 | 3.0.0 | 77.00 | OK | |||
r-oldrel-macos-x86_64 | 3.0.0 | 90.00 | OK | |||
r-oldrel-windows-ix86+x86_64 | 3.0.0 | 12.00 | 83.00 | 95.00 | NOTE |
Version: 3.0.0
Check: dependencies in R code
Result: NOTE
Initiating curl with CURL_SSL_BACKEND: openssl
Flavor: r-oldrel-windows-ix86+x86_64