CRAN Package Check Results for Package rgeolocate

Last updated on 2022-09-26 06:51:21 CEST.

Flavor Version Tinstall Tcheck Ttotal Status Flags
r-devel-linux-x86_64-debian-clang 1.4.2 44.24 36.35 80.59 OK
r-devel-linux-x86_64-debian-gcc 1.4.2 37.90 28.39 66.29 OK
r-devel-linux-x86_64-fedora-clang 1.4.2 131.11 OK
r-devel-linux-x86_64-fedora-gcc 1.4.2 118.78 OK
r-devel-windows-x86_64 1.4.2 67.00 85.00 152.00 NOTE
r-patched-linux-x86_64 1.4.2 45.64 35.18 80.82 OK
r-release-linux-x86_64 1.4.2 40.47 35.83 76.30 OK
r-release-macos-arm64 1.4.2 43.00 NOTE
r-release-macos-x86_64 1.4.2 58.00 NOTE
r-release-windows-x86_64 1.4.2 58.00 87.00 145.00 NOTE
r-oldrel-macos-arm64 1.4.2 42.00 NOTE
r-oldrel-macos-x86_64 1.4.2 58.00 NOTE
r-oldrel-windows-ix86+x86_64 1.4.2 141.00 84.00 225.00 NOTE

Check Details

Version: 1.4.2
Check: installed package size
Result: NOTE
     installed size is 5.6Mb
     sub-directories of 1Mb or more:
     extdata 4.4Mb
     libs 1.1Mb
Flavors: r-devel-windows-x86_64, r-release-macos-arm64, r-release-macos-x86_64, r-release-windows-x86_64, r-oldrel-macos-arm64, r-oldrel-macos-x86_64, r-oldrel-windows-ix86+x86_64