Last updated on 2022-05-28 21:50:49 CEST.
Flavor | Version | Tinstall | Tcheck | Ttotal | Status | Flags |
---|---|---|---|---|---|---|
r-devel-linux-x86_64-debian-clang | 0.0.9 | 292.62 | 60.49 | 353.11 | OK | |
r-devel-linux-x86_64-debian-gcc | 0.0.9 | 247.55 | 50.57 | 298.12 | OK | |
r-devel-linux-x86_64-fedora-clang | 0.0.9 | 598.38 | NOTE | |||
r-devel-linux-x86_64-fedora-gcc | 0.0.9 | 462.70 | OK | |||
r-devel-windows-x86_64 | 0.0.9 | 281.00 | 119.00 | 400.00 | OK | |
r-patched-linux-x86_64 | 0.0.9 | 265.53 | 65.48 | 331.01 | OK | |
r-release-linux-x86_64 | 0.0.9 | 259.71 | 65.43 | 325.14 | OK | |
r-release-macos-arm64 | 0.0.9 | 99.00 | NOTE | |||
r-release-macos-x86_64 | 0.0.9 | 156.00 | NOTE | |||
r-release-windows-x86_64 | 0.0.9 | 328.00 | 125.00 | 453.00 | OK | |
r-oldrel-macos-arm64 | 0.0.9 | 98.00 | NOTE | |||
r-oldrel-macos-x86_64 | 0.0.9 | 155.00 | NOTE | |||
r-oldrel-windows-ix86+x86_64 | 0.0.9 | 704.00 | 128.00 | 832.00 | NOTE |
Version: 0.0.9
Check: installed package size
Result: NOTE
installed size is 22.2Mb
sub-directories of 1Mb or more:
libs 20.9Mb
Flavors: r-devel-linux-x86_64-fedora-clang, r-release-macos-arm64, r-release-macos-x86_64, r-oldrel-macos-arm64, r-oldrel-macos-x86_64, r-oldrel-windows-ix86+x86_64