CRAN Package Check Results for Package rgdax

Last updated on 2023-11-30 12:49:34 CET.

Flavor Version Tinstall Tcheck Ttotal Status Flags
r-devel-linux-x86_64-debian-clang 1.2.1 4.30 38.77 43.07 NOTE
r-devel-linux-x86_64-debian-gcc 1.2.1 3.28 30.17 33.45 NOTE
r-devel-linux-x86_64-fedora-clang 1.2.1 54.69 NOTE
r-devel-linux-x86_64-fedora-gcc 1.2.1 50.93 NOTE
r-devel-windows-x86_64 1.2.1 4.00 55.00 59.00 NOTE
r-patched-linux-x86_64 1.2.1 4.68 38.72 43.40 NOTE
r-release-linux-x86_64 1.2.1 3.27 38.54 41.81 NOTE
r-release-macos-arm64 1.2.1 22.00 NOTE
r-release-macos-x86_64 1.2.1 28.00 NOTE
r-release-windows-x86_64 1.2.1 6.00 58.00 64.00 NOTE
r-oldrel-macos-arm64 1.2.1 23.00 OK
r-oldrel-macos-x86_64 1.2.1 29.00 OK
r-oldrel-windows-x86_64 1.2.1 6.00 60.00 66.00 OK

Check Details

Version: 1.2.1
Check: package subdirectories
Result: NOTE Problems with news in ‘NEWS.md’: No news entries found. Flavors: r-devel-linux-x86_64-debian-clang, r-devel-linux-x86_64-debian-gcc, r-devel-linux-x86_64-fedora-clang, r-devel-linux-x86_64-fedora-gcc, r-devel-windows-x86_64, r-patched-linux-x86_64, r-release-linux-x86_64, r-release-macos-arm64, r-release-macos-x86_64, r-release-windows-x86_64