CRAN Package Check Results for Package rgbif

Last updated on 2020-05-28 21:48:54 CEST.

Flavor Version Tinstall Tcheck Ttotal Status Flags
r-devel-linux-x86_64-debian-clang 2.2.0 12.07 128.53 140.60 OK
r-devel-linux-x86_64-debian-gcc 2.2.0 10.64 99.56 110.20 OK
r-devel-linux-x86_64-fedora-clang 2.2.0 167.68 OK
r-devel-linux-x86_64-fedora-gcc 2.3 171.96 OK
r-devel-windows-ix86+x86_64 2.2.0 35.00 161.00 196.00 OK
r-patched-linux-x86_64 2.2.0 12.71 128.84 141.55 OK
r-patched-solaris-x86 2.2.0 229.00 NOTE
r-release-linux-x86_64 2.2.0 13.03 126.70 139.73 OK
r-release-osx-x86_64 2.2.0 OK
r-release-windows-ix86+x86_64 2.2.0 30.00 226.00 256.00 OK
r-oldrel-osx-x86_64 2.2.0 OK
r-oldrel-windows-ix86+x86_64 2.3 32.00 177.00 209.00 OK

Check Details

Version: 2.2.0
Check: installed package size
Result: NOTE
     installed size is 5.1Mb
     sub-directories of 1Mb or more:
     doc 1.7Mb
     help 2.3Mb
Flavor: r-patched-solaris-x86