CRAN Package Check Results for Package rfishbase

Last updated on 2020-07-15 21:48:20 CEST.

Flavor Version Tinstall Tcheck Ttotal Status Flags
r-devel-linux-x86_64-debian-clang 3.0.4 9.47 125.13 134.60 OK
r-devel-linux-x86_64-debian-gcc 3.0.4 8.03 102.04 110.07 OK
r-devel-linux-x86_64-fedora-clang 3.0.4 170.20 NOTE
r-devel-linux-x86_64-fedora-gcc 3.0.4 165.52 NOTE
r-devel-windows-ix86+x86_64 3.0.4 45.00 171.00 216.00 OK
r-patched-linux-x86_64 3.0.4 9.79 125.94 135.73 OK
r-patched-solaris-x86 3.0.4 256.10 NOTE
r-release-linux-x86_64 3.0.4 9.46 126.14 135.60 OK
r-release-windows-ix86+x86_64 3.0.4 25.00 168.00 193.00 OK
r-oldrel-macos-x86_64 3.0.4 NOTE
r-oldrel-windows-ix86+x86_64 3.0.4 22.00 219.00 241.00 OK

Check Details

Version: 3.0.4
Check: data for non-ASCII characters
Result: NOTE
     Note: found 44 marked UTF-8 strings
Flavors: r-devel-linux-x86_64-fedora-clang, r-devel-linux-x86_64-fedora-gcc, r-patched-solaris-x86, r-oldrel-macos-x86_64